000
CDUS44 KHGX 242116
CLIGLS


CLIMATE REPORT
NATIONAL WEATHER SERVICE HOUSTON/GALVESTON TX
415 PM CDT TUE APR 24 2018


...................................

...THE GALVESTON CLIMATE SUMMARY FOR APRIL 24 2018...
VALID TODAY AS OF 400 PM LOCAL TIME.

CLIMATE NORMAL PERIOD 1981 TO 2010
CLIMATE RECORD PERIOD 1875 TO 2018


WEATHER ITEM   OBSERVED TIME   RECORD YEAR NORMAL DEPARTURE LAST
                VALUE   (LST)  VALUE       VALUE  FROM      YEAR
                                                  NORMAL
..................................................................
TEMPERATURE (F)
 TODAY
  MAXIMUM         79    122 PM  87    1955  78      1       77
  MINIMUM         64    551 AM  53    1995  67     -3       62
  AVERAGE         72                        72      0       70

PRECIPITATION (IN)
  TODAY            0.00          2.75 1926   0.08  -0.08     0.00
  MONTH TO DATE    1.89                      2.56  -0.67     1.32
  SINCE MAR 1      3.23                      5.72  -2.49     2.59
  SINCE JAN 1      7.39                     12.49  -5.10     6.86

SNOWFALL (IN)
  TODAY            0.0          MM      MM  MM     MM        0.0
  MONTH TO DATE    0.0                      MM     MM        0.0
  SINCE MAR 1      0.0                      MM     MM        0.0
  SINCE JUL 1      T                         0.0    0.0      0.0
  SNOW DEPTH       0

DEGREE DAYS
 HEATING
  TODAY            0                         0      0        0
  MONTH TO DATE   19                        16      3        0
  SINCE MAR 1     39                       119    -80       18
  SINCE JUL 1    816                      1007   -191      328

 COOLING
  TODAY            7                         7      0        5
  MONTH TO DATE  116                       124     -8      237
  SINCE MAR 1    283                       177    106      435
  SINCE JAN 1    384                       194    190      613
..................................................................


WIND (MPH)
  RESULTANT WIND SPEED   3   RESULTANT WIND DIRECTION  NE (30)
  HIGHEST WIND SPEED    13   HIGHEST WIND DIRECTION    NE (30)
  HIGHEST GUST SPEED    16   HIGHEST GUST DIRECTION    SE (150)
  AVERAGE WIND SPEED     5.5


SKY COVER
  AVERAGE SKY COVER 0.0


WEATHER CONDITIONS
 THE FOLLOWING WEATHER WAS RECORDED TODAY.
  NO SIGNIFICANT WEATHER WAS OBSERVED.


RELATIVE HUMIDITY (PERCENT)
 HIGHEST    93           200 AM
 LOWEST     46          1000 AM
 AVERAGE    70

..........................................................


THE GALVESTON CLIMATE NORMALS FOR TOMORROW
                         NORMAL    RECORD    YEAR
 MAXIMUM TEMPERATURE (F)   78        87      2003
                                             1988
 MINIMUM TEMPERATURE (F)   67        45      1910


SUNRISE AND SUNSET
APRIL 24 2018.........SUNRISE   644 AM CDT   SUNSET   751 PM CDT
APRIL 25 2018.........SUNRISE   643 AM CDT   SUNSET   752 PM CDT


-  INDICATES NEGATIVE NUMBERS.
R  INDICATES RECORD WAS SET OR TIED.
MM INDICATES DATA IS MISSING.
T  INDICATES TRACE AMOUNT.




$$
