280
CDUS43 KGID 240635
CLIGRI


CLIMATE REPORT
NATIONAL WEATHER SERVICE HASTINGS NE
134 AM CDT TUE APR 24 2018


...................................

...THE GRAND ISLAND NE CLIMATE SUMMARY FOR APRIL 23 2018...

CLIMATE NORMAL PERIOD 1981 TO 2010
CLIMATE RECORD PERIOD 1895 TO 2018


WEATHER ITEM   OBSERVED TIME   RECORD YEAR NORMAL DEPARTURE LAST
                VALUE   (LST)  VALUE       VALUE  FROM      YEAR
                                                  NORMAL
..................................................................
TEMPERATURE (F)
 YESTERDAY
  MAXIMUM         72    402 PM  94    1939  66      6       72
  MINIMUM         38    550 AM  23    1963  41     -3       37
  AVERAGE         55                        53      2       55

PRECIPITATION (IN)
  YESTERDAY        0.00          2.18 1944   0.09  -0.09     0.00
  MONTH TO DATE    1.01                      1.81  -0.80     0.13
  SINCE MAR 1      2.27                      3.61  -1.34     0.94
  SINCE JAN 1      4.10                      4.82  -0.72     2.26

SNOWFALL (IN)
  YESTERDAY        0.0           4.1  1967   0.0    0.0      0.0
  MONTH TO DATE    4.1                       1.4    2.7      0.0
  SINCE MAR 1      4.5                       6.8   -2.3      1.2
  SINCE JUL 1     33.6                      28.9    4.7      8.9
  SNOW DEPTH       0

DEGREE DAYS
 HEATING
  YESTERDAY       10                        12     -2       10
  MONTH TO DATE  594                       368    226      261
  SINCE MAR 1   1354                      1164    190      958
  SINCE JUL 1   6129                      5925    204     5024

 COOLING
  YESTERDAY        0                         1     -1        0
  MONTH TO DATE    0                         4     -4        5
  SINCE MAR 1      0                         4     -4        5
  SINCE JAN 1      0                         4     -4        5
..................................................................


WIND (MPH)
  HIGHEST WIND SPEED    12   HIGHEST WIND DIRECTION     S (170)
  HIGHEST GUST SPEED    17   HIGHEST GUST DIRECTION    SE (130)
  AVERAGE WIND SPEED     3.9


SKY COVER
  AVERAGE SKY COVER 0.3


WEATHER CONDITIONS
 THE FOLLOWING WEATHER WAS RECORDED YESTERDAY.
  FOG


RELATIVE HUMIDITY (PERCENT)
 HIGHEST    85           600 AM
 LOWEST     31           300 PM
 AVERAGE    58

..........................................................


THE GRAND ISLAND NE CLIMATE NORMALS FOR TODAY
                         NORMAL    RECORD    YEAR
 MAXIMUM TEMPERATURE (F)   66        96      2012
 MINIMUM TEMPERATURE (F)   41        22      1956


SUNRISE AND SUNSET
APRIL 24 2018.........SUNRISE   641 AM CDT   SUNSET   823 PM CDT
APRIL 25 2018.........SUNRISE   639 AM CDT   SUNSET   824 PM CDT


-  INDICATES NEGATIVE NUMBERS.
R  INDICATES RECORD WAS SET OR TIED.
MM INDICATES DATA IS MISSING.
T  INDICATES TRACE AMOUNT.




$$
