000
CDUS42 KGSP 272038
CLIGSP

CLIMATE REPORT
NATIONAL WEATHER SERVICE GREENVILLE-SPARTANBURG SC
438 PM EDT SUN MAY 27 2018


...................................

...THE GREENVILLE-SPARTANBURG SC CLIMATE SUMMARY FOR MAY 27 2018...
VALID TODAY AS OF 0435 PM LOCAL TIME.

CLIMATE NORMAL PERIOD 1981 TO 2010
CLIMATE RECORD PERIOD 1884 TO 2018


WEATHER ITEM   OBSERVED TIME   RECORD YEAR NORMAL DEPARTURE LAST
                VALUE   (LST)  VALUE       VALUE  FROM      YEAR
                                                  NORMAL
..................................................................
TEMPERATURE (F)
 TODAY
  MAXIMUM         81    304 PM  98    1916  83     -2       86
  MINIMUM         70    241 AM  43    1961  61      9       62
  AVERAGE         76                        72      4       74

PRECIPITATION (IN)
  TODAY            0.00          3.25 1986   0.12  -0.12     0.00
  MONTH TO DATE    4.05                      3.26   0.79     4.40
  SINCE MAR 1     13.19                     11.14   2.05    19.05
  SINCE JAN 1     21.46                     18.93   2.53    24.77

SNOWFALL (IN)
  TODAY            0.0           0.0    MM   0.0    0.0      0.0
  MONTH TO DATE    0.0                       0.0    0.0      0.0
  SINCE MAR 1      0.0                       0.9   -0.9      0.5
  SINCE JUL 1      4.7                       4.7    0.0      3.6
  SNOW DEPTH       0

DEGREE DAYS
 HEATING
  TODAY            0                         0      0        0
  MONTH TO DATE    1                        39    -38       31
  SINCE MAR 1    645                       596     49      460
  SINCE JUL 1   2916                      3045   -129     2186

 COOLING
  TODAY           11                         7      4        9
  MONTH TO DATE  213                       122     91      117
  SINCE MAR 1    226                       170     56      222
  SINCE JAN 1    246                       170     76      228
..................................................................


WIND (MPH)
  HIGHEST WIND SPEED    13   HIGHEST WIND DIRECTION    SE (140)
  HIGHEST GUST SPEED    15   HIGHEST GUST DIRECTION    SE (130)
  AVERAGE WIND SPEED     5.8


SKY COVER
  POSSIBLE SUNSHINE  MM
  AVERAGE SKY COVER 0.7


WEATHER CONDITIONS
 THE FOLLOWING WEATHER WAS RECORDED TODAY.
  THUNDERSTORM


RELATIVE HUMIDITY (PERCENT)
 HIGHEST   100           100 AM
 LOWEST     69           100 PM
 AVERAGE    85

..........................................................


THE GREENVILLE-SPARTANBURG SC CLIMATE NORMALS FOR TOMORROW
                         NORMAL    RECORD    YEAR
 MAXIMUM TEMPERATURE (F)   83       100      1916
 MINIMUM TEMPERATURE (F)   61        43      1907


SUNRISE AND SUNSET
MAY 27 2018...........SUNRISE   618 AM EDT   SUNSET   834 PM EDT
MAY 28 2018...........SUNRISE   618 AM EDT   SUNSET   835 PM EDT


-  INDICATES NEGATIVE NUMBERS.
R  INDICATES RECORD WAS SET OR TIED.
MM INDICATES DATA IS MISSING.
T  INDICATES TRACE AMOUNT.

$$

OUTLAW
