000
CDUS44 KJAN 242108
CLIGWO


CLIMATE REPORT
NATIONAL WEATHER SERVICE JACKSON MS
406 PM CDT SUN JUN 24 2018


...................................

...THE GREENWOOD CLIMATE SUMMARY FOR JUNE 24 2018...
VALID TODAY AS OF 0400 PM LOCAL TIME.

CLIMATE NORMAL PERIOD 1981 TO 2010
CLIMATE RECORD PERIOD 1948 TO 2018


WEATHER ITEM   OBSERVED TIME   RECORD YEAR NORMAL DEPARTURE LAST
                VALUE   (LST)  VALUE       VALUE  FROM      YEAR
                                                  NORMAL
..................................................................
TEMPERATURE (F)
 TODAY
  MAXIMUM         91    229 PM 100    1953  91      0       87
  MINIMUM         76    553 AM  59    1974  70      6       68
  AVERAGE         84                        80      4       78

PRECIPITATION (IN)
  TODAY            0.00          4.69 1980   0.15  -0.15      T
  MONTH TO DATE    1.74                      3.47  -1.73     5.70
  SINCE JUN 1      1.74                      3.47  -1.73     5.70
  SINCE JAN 1     35.25                     26.80   8.45    27.14

DEGREE DAYS
 COOLING
  TODAY           19                        15      4       13
  MONTH TO DATE  371                       320     51      305
  SINCE JUN 1    371                       320     51      305
  SINCE JAN 1    832                       650    182      749
..................................................................


WIND (MPH)
  HIGHEST WIND SPEED    15   HIGHEST WIND DIRECTION     S (200)
  HIGHEST GUST SPEED    21   HIGHEST GUST DIRECTION    SW (210)
  AVERAGE WIND SPEED     7.6


SKY COVER
  POSSIBLE SUNSHINE  MM
  AVERAGE SKY COVER 0.2


WEATHER CONDITIONS
 THE FOLLOWING WEATHER WAS RECORDED TODAY.
  NO SIGNIFICANT WEATHER WAS OBSERVED.


RELATIVE HUMIDITY (PERCENT)
 HIGHEST    94           400 AM
 LOWEST     59           100 PM
 AVERAGE    77

..........................................................


THE GREENWOOD CLIMATE NORMALS FOR TOMORROW
                         NORMAL    RECORD    YEAR
 MAXIMUM TEMPERATURE (F)   91       100      2012
 MINIMUM TEMPERATURE (F)   70        53      1974


SUNRISE AND SUNSET
JUNE 24 2018..........SUNRISE   552 AM CDT   SUNSET   814 PM CDT
JUNE 25 2018..........SUNRISE   552 AM CDT   SUNSET   814 PM CDT


-  INDICATES NEGATIVE NUMBERS.
R  INDICATES RECORD WAS SET OR TIED.
MM INDICATES DATA IS MISSING.
T  INDICATES TRACE AMOUNT.




$$
