000
CDUS46 KPQR 250221
CLIHIO


CLIMATE REPORT
NATIONAL WEATHER SERVICE PORTLAND OREGON
720 PM PDT THU MAY 24 2018


...................................

...THE HILLSBORO OR CLIMATE SUMMARY FOR MAY 24 2018...
VALID TODAY AS OF 0700 PM LOCAL TIME.

CLIMATE NORMAL PERIOD 1981 TO 2010
CLIMATE RECORD PERIOD 1929 TO 2018


WEATHER ITEM   OBSERVED TIME   RECORD YEAR NORMAL DEPARTURE LAST
                VALUE   (LST)  VALUE       VALUE  FROM      YEAR
                                                  NORMAL
..................................................................
TEMPERATURE (F)
 TODAY
  MAXIMUM         75    355 PM  92    1992  69      6       65
  MINIMUM         57    513 AM  33    1935  46     11       45
  AVERAGE         66                        58      8       55

PRECIPITATION (IN)
  TODAY            0.00                      0.06  -0.06     0.00
  MONTH TO DATE    0.10                      1.84  -1.74     1.76
  SINCE OCT 1     25.83                     35.44  -9.61    46.13
  SINCE JAN 1     13.53                     19.05  -5.52    26.45

DEGREE DAYS
 HEATING
  TODAY            0                                        10
  MONTH TO DATE  107                                       212
  SINCE MAR 1   1131                                      1231
  SINCE JUL 1   4357                                      4760

 COOLING
  TODAY            1                                         0
  MONTH TO DATE   13                                        21
  SINCE MAR 1     17                                        21
  SINCE JAN 1     17                                        21
..................................................................


WIND (MPH)
  HIGHEST WIND SPEED    15   HIGHEST WIND DIRECTION     W (290)
  HIGHEST GUST SPEED    18   HIGHEST GUST DIRECTION     W (290)
  AVERAGE WIND SPEED     5.0


SKY COVER
  POSSIBLE SUNSHINE  MM
  AVERAGE SKY COVER 0.7


WEATHER CONDITIONS
 THE FOLLOWING WEATHER WAS RECORDED TODAY.
  NO SIGNIFICANT WEATHER WAS OBSERVED.


RELATIVE HUMIDITY (PERCENT)
 HIGHEST    80           200 AM
 LOWEST     50           400 PM
 AVERAGE    65

..........................................................


THE HILLSBORO OR CLIMATE NORMALS FOR TOMORROW
                         NORMAL    RECORD    YEAR
 MAXIMUM TEMPERATURE (F)   69        93      1936
 MINIMUM TEMPERATURE (F)   46        31      1935


SUNRISE AND SUNSET
MAY 24 2018...........SUNRISE   532 AM PDT   SUNSET   846 PM PDT
MAY 25 2018...........SUNRISE   531 AM PDT   SUNSET   847 PM PDT


-  INDICATES NEGATIVE NUMBERS.
R  INDICATES RECORD WAS SET OR TIED.
MM INDICATES DATA IS MISSING.
T  INDICATES TRACE AMOUNT.




$$
