000
CDUS46 KHNX 270024
CLIHJO


CLIMATE REPORT
NATIONAL WEATHER SERVICE SAN JOAQUIN VALLEY, CA
523 PM PDT SAT MAY 26 2018


...................................

...THE HANFORD CA CLIMATE SUMMARY FOR MAY 26 2018...
VALID AS OF 0400 PM LOCAL TIME.

CLIMATE NORMAL PERIOD 1981 TO 2010
CLIMATE RECORD PERIOD 1998 TO 2018


WEATHER ITEM   OBSERVED TIME   RECORD YEAR NORMAL DEPARTURE LAST
                VALUE   (LST)  VALUE       VALUE  FROM      YEAR
                                                  NORMAL
..................................................................
TEMPERATURE (F)
 TODAY
  MAXIMUM         78    330 PM  97    2014  87     -9       75
  MINIMUM         55    539 AM  44    2012  55      0       54
  AVERAGE         67                        71     -4       65

PRECIPITATION (IN)
  TODAY            0.00          0.01 2008   0.01  -0.01     0.00
  MONTH TO DATE    0.00                      0.37  -0.37     0.39
  SINCE OCT 1      4.70                      9.69  -4.99    11.04
  SINCE JAN 1      4.29                      6.56  -2.27     8.17

SNOWFALL (IN)
  TODAY            0.0
  MONTH TO DATE    0.0
  SINCE MAR 1      0.0
  SINCE JUL 1      0.0
  SNOW DEPTH       0

DEGREE DAYS
 HEATING
  TODAY            0                                         0
  MONTH TO DATE    7                                        24
  SINCE MAR 1    372                                       377
  SINCE JUL 1   2042                                      2104

 COOLING
  TODAY            2                                         0
  MONTH TO DATE  132                                       150
  SINCE MAR 1    201                                       165
  SINCE JAN 1    201                                       165
..................................................................


WIND (MPH)
  HIGHEST WIND SPEED    18   HIGHEST WIND DIRECTION    NW (310)
  HIGHEST GUST SPEED    22   HIGHEST GUST DIRECTION    NW (310)
  AVERAGE WIND SPEED    10.1




RELATIVE HUMIDITY (PERCENT)
 HIGHEST    86
 LOWEST     33
 AVERAGE    60

..........................................................


THE HANFORD CA CLIMATE NORMALS FOR TOMORROW
                         NORMAL    RECORD    YEAR
 MAXIMUM TEMPERATURE (F)   87        98      2009
 MINIMUM TEMPERATURE (F)   56        46      1998


SUNRISE AND SUNSET
MAY 26 2018...........SUNRISE   545 AM PDT   SUNSET   807 PM PDT
MAY 27 2018...........SUNRISE   544 AM PDT   SUNSET   807 PM PDT


-  INDICATES NEGATIVE NUMBERS.
R  INDICATES RECORD WAS SET OR TIED.
MM INDICATES DATA IS MISSING.
T  INDICATES TRACE AMOUNT.




$$
