000
CDUS45 KTFX 250911
CLIHLN


CLIMATE REPORT
NATIONAL WEATHER SERVICE GREAT FALLS MT
308 AM MDT WED APR 25 2018


...................................

...THE HELENA MT CLIMATE SUMMARY FOR APRIL 24 2018...

CLIMATE NORMAL PERIOD 1981 TO 2010
CLIMATE RECORD PERIOD 1866 TO 2018


WEATHER ITEM   OBSERVED TIME   RECORD YEAR NORMAL DEPARTURE LAST
                VALUE   (LST)  VALUE       VALUE  FROM      YEAR
                                                  NORMAL
..................................................................
TEMPERATURE (F)
 YESTERDAY
  MAXIMUM         62    513 PM  83    1910  60      2       58
  MINIMUM         27    546 AM  16    2009  34     -7       41
  AVERAGE         45                        47     -2       50

PRECIPITATION (IN)
  YESTERDAY        0.00          1.09 1900   0.04  -0.04      T
  MONTH TO DATE    1.42                      0.75   0.67     0.68
  SINCE OCT 1      7.36                      3.57   3.79     5.38
  SINCE JAN 1      4.03                      2.00   2.03     2.40

SNOWFALL (IN)
  YESTERDAY        0.0           3.2  1964   0.1   -0.1      0.0
  MONTH TO DATE    6.1                       3.1    3.0       T
  SINCE MAR 1     16.8                       9.3    7.5      2.9
  SINCE JUL 1     64.7                      36.6   28.1     51.5
  SNOW DEPTH       0

DEGREE DAYS
 HEATING
  YESTERDAY       20                        18      2       15
  MONTH TO DATE  601                       502     99      458
  SINCE MAR 1   1594                      1393    201     1171
  SINCE JUL 1   7601                      6954    647     6971

 COOLING
  YESTERDAY        0                         0      0        0
  MONTH TO DATE    0                         0      0        0
  SINCE MAR 1      0                         0      0        0
  SINCE JAN 1      0                         0      0        0
..................................................................


WIND (MPH)
  HIGHEST WIND SPEED    20   HIGHEST WIND DIRECTION     E (100)
  HIGHEST GUST SPEED    25   HIGHEST GUST DIRECTION     E (80)
  AVERAGE WIND SPEED     6.8


SKY COVER
  AVERAGE SKY COVER 0.0


WEATHER CONDITIONS
 THE FOLLOWING WEATHER WAS RECORDED YESTERDAY.
  NO SIGNIFICANT WEATHER WAS OBSERVED.


RELATIVE HUMIDITY (PERCENT)
 HIGHEST    92           400 AM
 LOWEST     23           500 PM
 AVERAGE    58

..........................................................


THE HELENA MT CLIMATE NORMALS FOR TODAY
                         NORMAL    RECORD    YEAR
 MAXIMUM TEMPERATURE (F)   61        86      1910
 MINIMUM TEMPERATURE (F)   34        19      1880


SUNRISE AND SUNSET
APRIL 25 2018.........SUNRISE   623 AM MDT   SUNSET   830 PM MDT
APRIL 26 2018.........SUNRISE   621 AM MDT   SUNSET   831 PM MDT


-  INDICATES NEGATIVE NUMBERS.
R  INDICATES RECORD WAS SET OR TIED.
MM INDICATES DATA IS MISSING.
T  INDICATES TRACE AMOUNT.




$$
