953
CDHW40 PHFO 270228
CLIHNL


CLIMATE REPORT
NATIONAL WEATHER SERVICE HONOLULU HI
427 PM HST THU APR 26 2018


...................................

...THE HONOLULU HI CLIMATE SUMMARY FOR APRIL 26 2018...
VALID TODAY AS OF 0400 PM LOCAL TIME.

CLIMATE NORMAL PERIOD 1981 TO 2010
CLIMATE RECORD PERIOD 1946 TO 2018


WEATHER ITEM   OBSERVED TIME   RECORD YEAR NORMAL DEPARTURE LAST
                VALUE   (LST)  VALUE       VALUE  FROM      YEAR
                                                  NORMAL
..................................................................
TEMPERATURE (F)
 TODAY
  MAXIMUM         83    239 PM  88    1996  83      0       87
  MINIMUM         72    507 AM  60    1979  70      2       73
  AVERAGE         78                        76      2       80

PRECIPITATION (IN)
  TODAY            T             0.14 2004   0.01  -0.01     0.01
  MONTH TO DATE    1.16                      0.57   0.59     0.54
  SINCE MAR 1      3.73                      2.59   1.14     3.29
  SINCE JAN 1      7.91                      6.89   1.02    10.62

SNOWFALL (IN)
  TODAY            0.0
  MONTH TO DATE    0.0
  SINCE MAR 1      0.0
  SINCE JUL 1      0.0
  SNOW DEPTH      MM

DEGREE DAYS
 HEATING
  TODAY            0                         0      0        0
  MONTH TO DATE    0                         0      0        0
  SINCE MAR 1      0                         0      0        0
  SINCE JUL 1      0                         0      0        0

 COOLING
  TODAY           13                        11      2       15
  MONTH TO DATE  336                       286     50      357
  SINCE MAR 1    652                       579     73      714
  SINCE JAN 1   1322                      1061    261     1241
..................................................................


WIND (MPH)
  HIGHEST WIND SPEED    21   HIGHEST WIND DIRECTION    NE (60)
  HIGHEST GUST SPEED    26   HIGHEST GUST DIRECTION     E (70)
  AVERAGE WIND SPEED    MM


SKY COVER
  POSSIBLE SUNSHINE  MM
  AVERAGE SKY COVER  MM


WEATHER CONDITIONS
 THE FOLLOWING WEATHER WAS RECORDED TODAY.
  NO SIGNIFICANT WEATHER WAS OBSERVED.


RELATIVE HUMIDITY (PERCENT)
 HIGHEST    MM
 LOWEST     MM
 AVERAGE    MM

..........................................................


THE HONOLULU HI CLIMATE NORMALS FOR TOMORROW
                         NORMAL    RECORD    YEAR
 MAXIMUM TEMPERATURE (F)   83        88      2008
 MINIMUM TEMPERATURE (F)   70        60      1979


SUNRISE AND SUNSET
APRIL 26 2018.........SUNRISE   604 AM HST   SUNSET   655 PM HST
APRIL 27 2018.........SUNRISE   603 AM HST   SUNSET   656 PM HST


-  INDICATES NEGATIVE NUMBERS.
R  INDICATES RECORD WAS SET OR TIED.
MM INDICATES DATA IS MISSING.
T  INDICATES TRACE AMOUNT.




$$
