000
CDUS44 KHUN 200728
CLIHSV


CLIMATE REPORT
NATIONAL WEATHER SERVICE HUNTSVILLE AL
228 AM CDT FRI APR 20 2018


...................................

...THE HUNTSVILLE CLIMATE SUMMARY FOR APRIL 19 2018...

CLIMATE NORMAL PERIOD 1981 TO 2010
CLIMATE RECORD PERIOD 1894 TO 2018


WEATHER ITEM   OBSERVED TIME   RECORD YEAR NORMAL DEPARTURE LAST
                VALUE   (LST)  VALUE       VALUE  FROM      YEAR
                                                  NORMAL
..................................................................
TEMPERATURE (F)
 YESTERDAY
  MAXIMUM         66   1229 AM  92    1925  75     -9       86
  MINIMUM         44   1159 PM  28    1983  51     -7       65
  AVERAGE         55                        63     -8       76

PRECIPITATION (IN)
  YESTERDAY        0.00          3.50 1911   0.14  -0.14     0.01
  MONTH TO DATE    5.76                      2.71   3.05     1.98
  SINCE MAR 1      9.07                      7.92   1.15     5.89
  SINCE JAN 1     19.48                     17.65   1.83    14.76

SNOWFALL (IN)
  YESTERDAY        0.0
  MONTH TO DATE    0.0
  SINCE MAR 1      T
  SINCE JUL 1      0.4
  SNOW DEPTH       0

DEGREE DAYS
 HEATING
  YESTERDAY       10                         4      6        0
  MONTH TO DATE  173                       119     54       41
  SINCE MAR 1    568                       487     81      353
  SINCE JUL 1   2853                      2939    -86     1920

 COOLING
  YESTERDAY        0                         2     -2       11
  MONTH TO DATE   13                        29    -16       82
  SINCE MAR 1     17                        42    -25      107
  SINCE JAN 1     52                        43      9      112
..................................................................


WIND (MPH)
  HIGHEST WIND SPEED    20   HIGHEST WIND DIRECTION     N (340)
  HIGHEST GUST SPEED    25   HIGHEST GUST DIRECTION    NW (310)
  AVERAGE WIND SPEED    12.6


SKY COVER
  POSSIBLE SUNSHINE  MM
  AVERAGE SKY COVER 0.3


WEATHER CONDITIONS
 THE FOLLOWING WEATHER WAS RECORDED YESTERDAY.
  HAZE


RELATIVE HUMIDITY (PERCENT)
 HIGHEST    81          1200 AM
 LOWEST     40           300 PM
 AVERAGE    61

..........................................................


THE HUNTSVILLE CLIMATE NORMALS FOR TODAY
                         NORMAL    RECORD    YEAR
 MAXIMUM TEMPERATURE (F)   75        90      1971
 MINIMUM TEMPERATURE (F)   51        30      1983


SUNRISE AND SUNSET
APRIL 20 2018.........SUNRISE   609 AM CDT   SUNSET   723 PM CDT
APRIL 21 2018.........SUNRISE   608 AM CDT   SUNSET   724 PM CDT


-  INDICATES NEGATIVE NUMBERS.
R  INDICATES RECORD WAS SET OR TIED.
MM INDICATES DATA IS MISSING.
T  INDICATES TRACE AMOUNT.




$$
