000
CDUS43 KAPX 240526
CLIHTL


CLIMATE REPORT
NATIONAL WEATHER SERVICE GAYLORD MI
126 AM EDT TUE APR 24 2018


...................................

...THE HOUGHTON LAKE MI CLIMATE SUMMARY FOR APRIL 23 2018...

CLIMATE NORMAL PERIOD 1981 TO 2010
CLIMATE RECORD PERIOD 1913 TO 2018


WEATHER ITEM   OBSERVED TIME   RECORD YEAR NORMAL DEPARTURE LAST
                VALUE   (LST)  VALUE       VALUE  FROM      YEAR
                                                  NORMAL
..................................................................
TEMPERATURE (F)
 YESTERDAY
  MAXIMUM         70    242 PM  89    1925  58     12       66
  MINIMUM         27    610 AM  13    1936  34     -7       34
  AVERAGE         49                        46      3       50

PRECIPITATION (IN)
  YESTERDAY        0.00          0.54 2013   0.08  -0.08     0.00
  MONTH TO DATE    3.28                      1.93   1.35     4.52
  SINCE MAR 1      4.08                      3.77   0.31     7.20
  SINCE JAN 1      8.25                      6.49   1.76    12.68

SNOWFALL (IN)
  YESTERDAY        0.0           6.0  1963   0.1   -0.1      0.0
  MONTH TO DATE   14.1                       3.5   10.6       T
  SINCE OCT 1     55.8                      66.3  -10.5     76.1
  SINCE JUL 1     55.8                      66.3  -10.5     76.1
  SNOW DEPTH       0

DEGREE DAYS
 HEATING
  YESTERDAY       16                        19     -3       15
  MONTH TO DATE  768                       552    216      430
  SINCE MAR 1   1883                      1665    218     1527
  SINCE JUL 1   7436                      7537   -101     6377

 COOLING
  YESTERDAY        0                         0      0        0
  MONTH TO DATE    0                         0      0        0
  SINCE MAR 1      0                         0      0        0
  SINCE JAN 1      0                         0      0        0
..................................................................


WIND (MPH)
  HIGHEST WIND SPEED    13   HIGHEST WIND DIRECTION    SE (150)
  HIGHEST GUST SPEED    21   HIGHEST GUST DIRECTION     S (170)
  AVERAGE WIND SPEED     4.5




RELATIVE HUMIDITY (PERCENT)
 HIGHEST    92
 LOWEST     16
 AVERAGE    54

..........................................................


THE HOUGHTON LAKE MI CLIMATE NORMALS FOR TODAY
                         NORMAL    RECORD    YEAR
 MAXIMUM TEMPERATURE (F)   58        85      1960
                                             1942
 MINIMUM TEMPERATURE (F)   34        16      1917


SUNRISE AND SUNSET
APRIL 24 2018.........SUNRISE   640 AM EDT   SUNSET   834 PM EDT
APRIL 25 2018.........SUNRISE   639 AM EDT   SUNSET   836 PM EDT


-  INDICATES NEGATIVE NUMBERS.
R  INDICATES RECORD WAS SET OR TIED.
MM INDICATES DATA IS MISSING.
T  INDICATES TRACE AMOUNT.




$$
