000
CDUS41 KRLX 260727
CLIHTS


CLIMATE REPORT
NATIONAL WEATHER SERVICE CHARLESTON WV
326 AM EDT THU APR 26 2018


...................................

...THE HUNTINGTON WV CLIMATE SUMMARY FOR APRIL 25 2018...

CLIMATE NORMAL PERIOD 1981 TO 2010
CLIMATE RECORD PERIOD 1897 TO 2018


WEATHER ITEM   OBSERVED TIME   RECORD YEAR NORMAL DEPARTURE LAST
                VALUE   (LST)  VALUE       VALUE  FROM      YEAR
                                                  NORMAL
..................................................................
TEMPERATURE (F)
 YESTERDAY
  MAXIMUM         61    202 PM  91    1960  71    -10       74
  MINIMUM         47   1135 PM  28    1967  47      0       52
  AVERAGE         54                        59     -5       63

PRECIPITATION (IN)
  YESTERDAY        0.08          1.96 1908   0.13  -0.05      T
  MONTH TO DATE    2.98                      2.83   0.15     1.72
  SINCE JAN 1     17.37                     12.77   4.60    12.60

SNOWFALL (IN)
  YESTERDAY        0.0           0.0  2017   0.0    0.0      0.0
  MONTH TO DATE    1.2                       0.9    0.3      0.0
  SINCE SEP 1     12.5                      23.6  -11.1      5.9
  SNOW DEPTH       0

DEGREE DAYS
 HEATING
  YESTERDAY       11                         7      4        2
  MONTH TO DATE  364                       259    105      139
  SINCE MAR 1   1062                       855    207      691
  SINCE JUL 1   4312                      4356    -44     3340

 COOLING
  YESTERDAY        0                         1     -1        0
  MONTH TO DATE   21                        24     -3       38
  SINCE MAR 1     21                        29     -8       40
  SINCE JAN 1     28                        29     -1       41
..................................................................


WIND (MPH)
  HIGHEST WIND SPEED    15   HIGHEST WIND DIRECTION    NW (330)
  HIGHEST GUST SPEED    21   HIGHEST GUST DIRECTION    NW (330)
  AVERAGE WIND SPEED     4.9


SKY COVER
  POSSIBLE SUNSHINE  MM
  AVERAGE SKY COVER 0.7


WEATHER CONDITIONS
 THE FOLLOWING WEATHER WAS RECORDED YESTERDAY.
  RAIN
  LIGHT RAIN
  FOG
  FOG W/VISIBILITY <= 1/4 MILE


RELATIVE HUMIDITY (PERCENT)
 HIGHEST    93           300 AM
 LOWEST     69           300 PM
 AVERAGE    81

..........................................................


THE HUNTINGTON WV CLIMATE NORMALS FOR TODAY
                         NORMAL    RECORD    YEAR
 MAXIMUM TEMPERATURE (F)   71        92      1957
                                             1948
 MINIMUM TEMPERATURE (F)   48        32      1919
                                             1898


SUNRISE AND SUNSET
APRIL 26 2018.........SUNRISE   640 AM EDT   SUNSET   817 PM EDT
APRIL 27 2018.........SUNRISE   638 AM EDT   SUNSET   818 PM EDT


-  INDICATES NEGATIVE NUMBERS.
R  INDICATES RECORD WAS SET OR TIED.
MM INDICATES DATA IS MISSING.
T  INDICATES TRACE AMOUNT.




$$
