000
CDUS41 KCAR 210547
CLIHUL


CLIMATE REPORT
NATIONAL WEATHER SERVICE CARIBOU, ME
146 AM EDT MON MAY 21 2018


...................................

...THE HOULTON ME CLIMATE SUMMARY FOR MAY 20 2018...

CLIMATE NORMAL PERIOD 1981 TO 2010
CLIMATE RECORD PERIOD 1948 TO 2018


WEATHER ITEM   OBSERVED TIME   RECORD YEAR NORMAL DEPARTURE LAST
                VALUE   (LST)  VALUE       VALUE  FROM      YEAR
                                                  NORMAL
..................................................................
TEMPERATURE (F)
 YESTERDAY
  MAXIMUM         69    343 PM  86    2003  65      4       60
  MINIMUM         36   1144 PM  26    1994  40     -4       33
  AVERAGE         53                        52      1       47

PRECIPITATION (IN)
  YESTERDAY        0.11          0.68 1969   0.12  -0.01     0.00
  MONTH TO DATE    2.23                      2.09   0.14     3.78
  SINCE MAR 1      7.68                      8.56  -0.88     9.17
  SINCE JAN 1     13.36                     13.42  -0.06    13.62

SNOWFALL (IN)
  YESTERDAY       MM             0.0  2003   0.0   MM       MM
  MONTH TO DATE   MM                         0.1   MM       MM
  SINCE MAR 1     MM                        23.9   MM       MM
  SINCE JUL 1     MM                        89.5   MM       MM
  SNOW DEPTH      MM

DEGREE DAYS
 HEATING
  YESTERDAY       12                        13     -1       18
  MONTH TO DATE  283                       313    -30      298
  SINCE MAR 1   2241                      2313    -72     2326
  SINCE JUL 1   8309                      8886   -577     8287

 COOLING
  YESTERDAY        0                         0      0        0
  MONTH TO DATE    0                         0      0        6
  SINCE MAR 1      0                         0      0        6
  SINCE JAN 1      0                         0      0        6
..................................................................


WIND (MPH)
  HIGHEST WIND SPEED    18   HIGHEST WIND DIRECTION     W (290)
  HIGHEST GUST SPEED    25   HIGHEST GUST DIRECTION    NW (320)
  AVERAGE WIND SPEED     7.3


SKY COVER
  POSSIBLE SUNSHINE  MM
  AVERAGE SKY COVER 0.6


WEATHER CONDITIONS
 THE FOLLOWING WEATHER WAS RECORDED YESTERDAY.
  LIGHT RAIN
  FOG


RELATIVE HUMIDITY (PERCENT)
 HIGHEST   100           700 AM
 LOWEST     34           600 PM
 AVERAGE    67

..........................................................


THE HOULTON ME CLIMATE NORMALS FOR TODAY
                         NORMAL    RECORD    YEAR
 MAXIMUM TEMPERATURE (F)   66        91      1992
 MINIMUM TEMPERATURE (F)   40        27      1982


SUNRISE AND SUNSET
MAY 21 2018...........SUNRISE   452 AM EDT   SUNSET   804 PM EDT
MAY 22 2018...........SUNRISE   451 AM EDT   SUNSET   805 PM EDT


-  INDICATES NEGATIVE NUMBERS.
R  INDICATES RECORD WAS SET OR TIED.
MM INDICATES DATA IS MISSING.
T  INDICATES TRACE AMOUNT.




$$
