000
CDUS45 KVEF 270029
CLIIGM


CLIMATE REPORT
NATIONAL WEATHER SERVICE LAS VEGAS, NV
529 PM PDT SAT MAY 26 2018


...................................

...THE KINGMAN AZ CLIMATE SUMMARY FOR MAY 26 2018...
VALID TODAY AS OF 0500 PM LOCAL TIME.

CLIMATE NORMAL PERIOD 1981 TO 2010
CLIMATE RECORD PERIOD 1901 TO 2018


WEATHER ITEM   OBSERVED TIME   RECORD YEAR NORMAL DEPARTURE LAST
                VALUE   (LST)  VALUE       VALUE  FROM      YEAR
                                                  NORMAL
..................................................................
TEMPERATURE (F)
 TODAY
  MAXIMUM         78    242 PM 101    1951  88    -10       84
  MINIMUM         55    529 AM  34    1911  55      0       56
  AVERAGE         67                        72     -5       70

PRECIPITATION (IN)
  TODAY            0.00          0.48 1964   0.01  -0.01     0.00
  MONTH TO DATE    0.00                      0.12  -0.12     0.19
  SINCE OCT 1      1.31                      5.55  -4.24     6.45
  SINCE JAN 1      1.31                      3.45  -2.14     2.89

DEGREE DAYS
 HEATING
  TODAY            0                         1     -1        0
  MONTH TO DATE   29                        51    -22       85
  SINCE MAR 1    494                       684   -190      494
  SINCE JUL 1   2272                      3097   -825     2491

 COOLING
  TODAY            2                         8     -6        5
  MONTH TO DATE  149                       127     22      100
  SINCE MAR 1    228                       158     70      115
  SINCE JAN 1    228                       158     70      115
..................................................................


WIND (MPH)
  RESULTANT WIND SPEED  13   RESULTANT WIND DIRECTION  SW (220)
  HIGHEST WIND SPEED    32   HIGHEST WIND DIRECTION    SW (220)
  HIGHEST GUST SPEED    37   HIGHEST GUST DIRECTION    SW (240)
  AVERAGE WIND SPEED    13.6


SKY COVER
  POSSIBLE SUNSHINE  MM
  AVERAGE SKY COVER 0.0


WEATHER CONDITIONS
 THE FOLLOWING WEATHER WAS RECORDED TODAY.
  NO SIGNIFICANT WEATHER WAS OBSERVED.


RELATIVE HUMIDITY (PERCENT)
 HIGHEST    36           600 AM
 LOWEST     15           100 AM
 AVERAGE    26

..........................................................


THE KINGMAN AZ CLIMATE NORMALS FOR TOMORROW
                         NORMAL    RECORD    YEAR
 MAXIMUM TEMPERATURE (F)   88       105      2003
 MINIMUM TEMPERATURE (F)   56        36      1942


SUNRISE AND SUNSET
MAY 26 2018...........SUNRISE   525 AM MST   SUNSET   741 PM MST
MAY 27 2018...........SUNRISE   524 AM MST   SUNSET   742 PM MST


-  INDICATES NEGATIVE NUMBERS.
R  INDICATES RECORD WAS SET OR TIED.
MM INDICATES DATA IS MISSING.
T  INDICATES TRACE AMOUNT.




$$
