000
CDUS41 KPHI 252144
CLIILG


CLIMATE REPORT
NATIONAL WEATHER SERVICE MOUNT HOLLY NJ
543 PM EDT WED APR 25 2018


...................................

...THE WILMINGTON DE CLIMATE SUMMARY FOR APRIL 25 2018...
VALID TODAY AS OF 0500 PM LOCAL TIME.

CLIMATE NORMAL PERIOD 1981 TO 2010
CLIMATE RECORD PERIOD 1894 TO 2018


WEATHER ITEM   OBSERVED TIME   RECORD YEAR NORMAL DEPARTURE LAST
                VALUE   (LST)  VALUE       VALUE  FROM      YEAR
                                                  NORMAL
..................................................................
TEMPERATURE (F)
 TODAY
  MAXIMUM         69    226 PM  92    1915  67      2       57
  MINIMUM         54   1226 AM  31    2015  46      8       52
                                      1936
                                      1919
  AVERAGE         62                        56      6       55

PRECIPITATION (IN)
  TODAY            0.35          1.92 1914   0.11   0.24     0.44
  MONTH TO DATE    2.13                      2.94  -0.81     2.22
  SINCE MAR 1      6.78                      6.86  -0.08     7.20
  SINCE JAN 1     15.22                     12.55   2.67    11.22

SNOWFALL (IN)
  TODAY            0.0           0.0  1894   0.0    0.0      0.0
  MONTH TO DATE    T                         0.3   -0.3      0.0
  SINCE MAR 1     14.2                       2.2   12.0      3.4
  SINCE JUL 1     28.0                      20.2    7.8      9.0
  SNOW DEPTH       0

DEGREE DAYS
 HEATING
  TODAY            3                         9     -6       10
  MONTH TO DATE  391                       321     70      206
  SINCE MAR 1   1179                      1004    175      923
  SINCE JUL 1   4539                      4627    -88     3925

 COOLING
  TODAY            0                         1     -1        0
  MONTH TO DATE    8                         5      3       10
  SINCE MAR 1      8                         6      2       10
  SINCE JAN 1      8                         6      2       10
..................................................................


WIND (MPH)
  HIGHEST WIND SPEED    18   HIGHEST WIND DIRECTION     E (70)
  HIGHEST GUST SPEED    22   HIGHEST GUST DIRECTION     E (70)
  AVERAGE WIND SPEED     7.1


SKY COVER
  POSSIBLE SUNSHINE  MM
  AVERAGE SKY COVER 0.9


WEATHER CONDITIONS
 THE FOLLOWING WEATHER WAS RECORDED TODAY.
  RAIN
  LIGHT RAIN
  FOG


RELATIVE HUMIDITY (PERCENT)
 HIGHEST   100           200 AM
 LOWEST     76           300 PM
 AVERAGE    88

..........................................................


THE WILMINGTON DE CLIMATE NORMALS FOR TOMORROW
                         NORMAL    RECORD    YEAR
 MAXIMUM TEMPERATURE (F)   67        92      1990
 MINIMUM TEMPERATURE (F)   46        32      1919


SUNRISE AND SUNSET
APRIL 25 2018.........SUNRISE   611 AM EDT   SUNSET   750 PM EDT
APRIL 26 2018.........SUNRISE   609 AM EDT   SUNSET   751 PM EDT


-  INDICATES NEGATIVE NUMBERS.
R  INDICATES RECORD WAS SET OR TIED.
MM INDICATES DATA IS MISSING.
T  INDICATES TRACE AMOUNT.




$$
