000
CDUS41 KOKX 240617
CLIISP


CLIMATE REPORT
NATIONAL WEATHER SERVICE NEW YORK NY
217 AM EDT TUE APR 24 2018


...................................

...THE ISLIP NY CLIMATE SUMMARY FOR APRIL 23 2018...

CLIMATE NORMAL PERIOD 1981 TO 2010
CLIMATE RECORD PERIOD 1963 TO 2018


WEATHER ITEM   OBSERVED TIME   RECORD YEAR NORMAL DEPARTURE LAST
                VALUE   (LST)  VALUE       VALUE  FROM      YEAR
                                                  NORMAL
..................................................................
TEMPERATURE (F)
 YESTERDAY
  MAXIMUM         60    135 PM  83    1973  60      0       62
  MINIMUM         35    410 AM  31    1989  43     -8       44
                                      1982
  AVERAGE         48                        52     -4       53

PRECIPITATION (IN)
  YESTERDAY        0.00          4.63 2006   0.14  -0.14     0.00
  MONTH TO DATE    3.24                      3.38  -0.14     2.55
  SINCE MAR 1     10.91                      7.82   3.09     8.00
  SINCE JAN 1     20.86                     14.72   6.14    13.66

SNOWFALL (IN)
  YESTERDAY        0.0          MM      MM   0.0    0.0      0.0
  MONTH TO DATE    4.6                       0.6    4.0      0.0
  SINCE OCT 1     65.9                      24.8   41.1     39.3
  SINCE JUL 1     65.9                      24.8   41.1     39.3
  SNOW DEPTH       0

DEGREE DAYS
 HEATING
  YESTERDAY       17                        14      3       12
  MONTH TO DATE  479                       392     87      306
  SINCE MAR 1   1308                      1189    119     1162
  SINCE JUL 1   4808                      5084   -276     4464

 COOLING
  YESTERDAY        0                         0      0        0
  MONTH TO DATE    0                         0      0        3
  SINCE MAR 1      0                         0      0        3
  SINCE JAN 1      0                         0      0        3
..................................................................


WIND (MPH)
  HIGHEST WIND SPEED    20   HIGHEST WIND DIRECTION    SE (150)
  HIGHEST GUST SPEED    24   HIGHEST GUST DIRECTION    SE (150)
  AVERAGE WIND SPEED     7.2


SKY COVER
  AVERAGE SKY COVER 0.2


WEATHER CONDITIONS
 THE FOLLOWING WEATHER WAS RECORDED YESTERDAY.
  NO SIGNIFICANT WEATHER WAS OBSERVED.


RELATIVE HUMIDITY (PERCENT)
 HIGHEST    85           600 AM
 LOWEST     24           200 PM
 AVERAGE    55

..........................................................


THE ISLIP NY CLIMATE NORMALS FOR TODAY
                         NORMAL    RECORD    YEAR
 MAXIMUM TEMPERATURE (F)   61        77      2008
 MINIMUM TEMPERATURE (F)   43        32      2002


SUNRISE AND SUNSET
APRIL 24 2018.........SUNRISE   600 AM EDT   SUNSET   741 PM EDT
APRIL 25 2018.........SUNRISE   559 AM EDT   SUNSET   742 PM EDT


-  INDICATES NEGATIVE NUMBERS.
R  INDICATES RECORD WAS SET OR TIED.
MM INDICATES DATA IS MISSING.
T  INDICATES TRACE AMOUNT.




$$
