000
CDUS44 KMEG 190642
CLIJBR


CLIMATE REPORT
NATIONAL WEATHER SERVICE MEMPHIS TN
141 AM CDT THU APR 19 2018


...................................

...THE JONESBORO CLIMATE SUMMARY FOR APRIL 18 2018...

CLIMATE NORMAL PERIOD 1981 TO 2010
CLIMATE RECORD PERIOD 1897 TO 2018


WEATHER ITEM   OBSERVED TIME   RECORD YEAR NORMAL DEPARTURE LAST
                VALUE   (LST)  VALUE       VALUE  FROM      YEAR
                                                  NORMAL
..................................................................
TEMPERATURE (F)
 YESTERDAY
  MAXIMUM         80    259 PM  94    2006  71      9       77
  MINIMUM         49   1159 PM  32    1921  50     -1       60
  AVERAGE         65                        61      4       69

PRECIPITATION (IN)
  YESTERDAY        0.00          2.43 1908   0.17  -0.17     0.00
  MONTH TO DATE    2.61                      2.84  -0.23     1.10
  SINCE MAR 1      6.48                      7.34  -0.86     7.37
  SINCE JAN 1     23.13                     14.49   8.64    12.98

DEGREE DAYS
 HEATING
  YESTERDAY        0                         6     -6        0
  MONTH TO DATE  258                       147    111       58
  SINCE MAR 1    656                       611     45      422
  SINCE JUL 1   3439                      3567   -128     2555

 COOLING
  YESTERDAY        0                         1     -1        4
  MONTH TO DATE    9                        18     -9       37
  SINCE MAR 1     11                        24    -13       43
  SINCE JAN 1     16                        24     -8       47
..................................................................


WIND (MPH)
  HIGHEST WIND SPEED    26   HIGHEST WIND DIRECTION    SW (230)
  HIGHEST GUST SPEED    35   HIGHEST GUST DIRECTION    SW (230)
  AVERAGE WIND SPEED    16.7


SKY COVER
  POSSIBLE SUNSHINE  MM
  AVERAGE SKY COVER 0.0


WEATHER CONDITIONS
 THE FOLLOWING WEATHER WAS RECORDED YESTERDAY.
  NO SIGNIFICANT WEATHER WAS OBSERVED.


RELATIVE HUMIDITY (PERCENT)
 HIGHEST    84           700 AM
 LOWEST     28           200 PM
 AVERAGE    56

..........................................................


THE JONESBORO CLIMATE NORMALS FOR TODAY
                         NORMAL    RECORD    YEAR
 MAXIMUM TEMPERATURE (F)   71        88      1911
 MINIMUM TEMPERATURE (F)   51        30      1983
                                             1953


SUNRISE AND SUNSET
APRIL 19 2018.........SUNRISE   624 AM CDT   SUNSET   739 PM CDT
APRIL 20 2018.........SUNRISE   623 AM CDT   SUNSET   740 PM CDT


-  INDICATES NEGATIVE NUMBERS.
R  INDICATES RECORD WAS SET OR TIED.
MM INDICATES DATA IS MISSING.
T  INDICATES TRACE AMOUNT.


$$
