000
CDUS43 KBIS 250728
CLIJMS


CLIMATE REPORT
NATIONAL WEATHER SERVICE BISMARCK ND
227 AM CDT WED APR 25 2018


...................................

...THE JAMESTOWN ND CLIMATE SUMMARY FOR APRIL 24 2018...

CLIMATE NORMAL PERIOD 1981 TO 2010
CLIMATE RECORD PERIOD 1891 TO 2018


WEATHER ITEM   OBSERVED TIME   RECORD YEAR NORMAL DEPARTURE LAST
                VALUE   (LST)  VALUE       VALUE  FROM      YEAR
                                                  NORMAL
..................................................................
TEMPERATURE (F)
 YESTERDAY
  MAXIMUM         56    424 PM  88    1962  60     -4       36
  MINIMUM         31   1158 PM  16    1909  34     -3       32
  AVERAGE         44                        47     -3       34

PRECIPITATION (IN)
  YESTERDAY        0.02          1.85 1953   0.06  -0.04     0.13
  MONTH TO DATE    0.04                      0.85  -0.81     1.40
  SINCE MAR 1      0.57                      1.69  -1.12     1.48
  SINCE JAN 1      0.70                      2.54  -1.84     1.90

DEGREE DAYS
 HEATING
  YESTERDAY       21                        18      3       31
  MONTH TO DATE  846                       576    270      491
  SINCE MAR 1   2079                      1737    342     1646
  SINCE JUL 1   8790                      8496    294     7655

 COOLING
  YESTERDAY        0                         0      0        0
  MONTH TO DATE    0                         0      0        0
  SINCE MAR 1      0                         0      0        0
  SINCE JAN 1      0                         0      0        0
..................................................................


WIND (MPH)
  HIGHEST WIND SPEED    25   HIGHEST WIND DIRECTION     N (360)
  HIGHEST GUST SPEED    30   HIGHEST GUST DIRECTION     N (360)
  AVERAGE WIND SPEED    12.4


SKY COVER
  POSSIBLE SUNSHINE  MM
  AVERAGE SKY COVER 0.4


WEATHER CONDITIONS
 THE FOLLOWING WEATHER WAS RECORDED YESTERDAY.
  LIGHT RAIN


RELATIVE HUMIDITY (PERCENT)
 HIGHEST    92           700 AM
 LOWEST     32           400 PM
 AVERAGE    62

..........................................................


THE JAMESTOWN ND CLIMATE NORMALS FOR TODAY
                         NORMAL    RECORD    YEAR
 MAXIMUM TEMPERATURE (F)   60        83      1962
 MINIMUM TEMPERATURE (F)   34        17      1907


SUNRISE AND SUNSET
APRIL 25 2018.........SUNRISE   629 AM CDT   SUNSET   837 PM CDT
APRIL 26 2018.........SUNRISE   627 AM CDT   SUNSET   838 PM CDT


-  INDICATES NEGATIVE NUMBERS.
R  INDICATES RECORD WAS SET OR TIED.
MM INDICATES DATA IS MISSING.
T  INDICATES TRACE AMOUNT.




$$
