000
CDUS41 KCTP 252119
CLIJST


CLIMATE REPORT
NATIONAL WEATHER SERVICE STATE COLLEGE PA
519 PM EDT WED APR 25 2018


...................................

...THE JOHNSTOWN CLIMATE SUMMARY FOR APRIL 25 2018...
VALID TODAY AS OF 0500 PM LOCAL TIME.

CLIMATE NORMAL PERIOD 1981 TO 2010
CLIMATE RECORD PERIOD 1892 TO 2018


WEATHER ITEM   OBSERVED TIME   RECORD YEAR NORMAL DEPARTURE LAST
                VALUE   (LST)  VALUE       VALUE  FROM      YEAR
                                                  NORMAL
..................................................................
TEMPERATURE (F)
 TODAY
  MAXIMUM         56    258 PM  95    1915  61     -5       57
  MINIMUM         47    751 AM  26    1919  41      6       45
  AVERAGE         52                        51      1       51

PRECIPITATION (IN)
  TODAY            0.01          1.32 1937   0.11  -0.10     0.06
  MONTH TO DATE    3.58                      3.02   0.56     2.66
  SINCE MAR 1      6.76                      6.31   0.45     6.72
  SINCE JAN 1     16.71                     11.54   5.17    12.38

DEGREE DAYS
 HEATING
  TODAY           13                        14     -1       14
  MONTH TO DATE  582                       471    111      310
  SINCE MAR 1   1645                      1384    261     1240
  SINCE JUL 1   6080                      6267   -187     5160

 COOLING
  TODAY            0                         0      0        0
  MONTH TO DATE   12                         0     12        0
  SINCE MAR 1     12                         0     12        0
  SINCE JAN 1     12                         0     12        0
..................................................................


WIND (MPH)
  HIGHEST WIND SPEED    15   HIGHEST WIND DIRECTION    NW (300)
  HIGHEST GUST SPEED    19   HIGHEST GUST DIRECTION     W (290)
  AVERAGE WIND SPEED     5.0


SKY COVER
  POSSIBLE SUNSHINE  MM
  AVERAGE SKY COVER 1.0


WEATHER CONDITIONS
 THE FOLLOWING WEATHER WAS RECORDED TODAY.
  LIGHT RAIN
  FOG
  FOG W/VISIBILITY <= 1/4 MILE


RELATIVE HUMIDITY (PERCENT)
 HIGHEST    93          1200 AM
 LOWEST     83           300 PM
 AVERAGE    88

..........................................................


THE JOHNSTOWN CLIMATE NORMALS FOR TOMORROW
                         NORMAL    RECORD    YEAR
 MAXIMUM TEMPERATURE (F)   61        93      1915
 MINIMUM TEMPERATURE (F)   41        26      2006


SUNRISE AND SUNSET
APRIL 25 2018.........SUNRISE   623 AM EDT   SUNSET   805 PM EDT
APRIL 26 2018.........SUNRISE   621 AM EDT   SUNSET   806 PM EDT


-  INDICATES NEGATIVE NUMBERS.
R  INDICATES RECORD WAS SET OR TIED.
MM INDICATES DATA IS MISSING.
T  INDICATES TRACE AMOUNT.




$$
