000
CDUS44 KLUB 270630
CLILBB


CLIMATE REPORT
NATIONAL WEATHER SERVICE LUBBOCK, TX
128 AM CDT SUN MAY 27 2018


...................................

...THE LUBBOCK CLIMATE SUMMARY FOR MAY 26 2018...

CLIMATE NORMAL PERIOD 1981 TO 2010
CLIMATE RECORD PERIOD 1911 TO 2018


WEATHER ITEM   OBSERVED TIME   RECORD YEAR NORMAL DEPARTURE LAST
                VALUE   (LST)  VALUE       VALUE  FROM      YEAR
                                                  NORMAL
..................................................................
TEMPERATURE (F)
 YESTERDAY
  MAXIMUM        102R   244 PM 101    1945  86     16       96
  MINIMUM         68    403 AM  43    1950  59      9       59
  AVERAGE         85                        73     12       78

PRECIPITATION (IN)
  YESTERDAY        0.00          1.60 2014   0.09  -0.09     0.00
  MONTH TO DATE    1.26                      1.83  -0.57     0.58
  SINCE MAR 1      2.16                      4.34  -2.18     2.57
  SINCE JAN 1      2.36                      5.74  -3.38     5.49

SNOWFALL (IN)
  YESTERDAY        0.0                       0.0    0.0      0.0
  MONTH TO DATE    0.0                       0.0    0.0      0.0
  SINCE MAR 1      0.0                       0.8   -0.8       T
  SINCE JUL 1      0.3                       8.2   -7.9      0.2
  SNOW DEPTH       0

DEGREE DAYS
 HEATING
  YESTERDAY        0                         1     -1        0
  MONTH TO DATE    0                        39    -39       23
  SINCE MAR 1    493                       637   -144      384
  SINCE JUL 1   3014                      3376   -362     2468

 COOLING
  YESTERDAY       20                         8     12       13
  MONTH TO DATE  312                       145    167      131
  SINCE MAR 1    392                       201    191      256
  SINCE JAN 1    395                       201    194      260
..................................................................


WIND (MPH)
  RESULTANT WIND SPEED  10   RESULTANT WIND DIRECTION   S (170)
  HIGHEST WIND SPEED    21   HIGHEST WIND DIRECTION    SE (130)
  HIGHEST GUST SPEED    25   HIGHEST GUST DIRECTION    SE (130)
  AVERAGE WIND SPEED    12.7


SKY COVER
  AVERAGE SKY COVER 0.5


WEATHER CONDITIONS
 THE FOLLOWING WEATHER WAS RECORDED YESTERDAY.
  NO SIGNIFICANT WEATHER WAS OBSERVED.


RELATIVE HUMIDITY (PERCENT)
 HIGHEST    66           500 AM
 LOWEST      7           400 PM
 AVERAGE    37

..........................................................


THE LUBBOCK CLIMATE NORMALS FOR TODAY
                         NORMAL    RECORD    YEAR
 MAXIMUM TEMPERATURE (F)   87       103      1984
 MINIMUM TEMPERATURE (F)   59        48      1961
                                             1950


SUNRISE AND SUNSET
MAY 27 2018...........SUNRISE   640 AM CDT   SUNSET   849 PM CDT
MAY 28 2018...........SUNRISE   639 AM CDT   SUNSET   850 PM CDT


-  INDICATES NEGATIVE NUMBERS.
R  INDICATES RECORD WAS SET OR TIED.
MM INDICATES DATA IS MISSING.
T  INDICATES TRACE AMOUNT.




$$
