147
CDUS43 KLBF 240942
CLILBF


CLIMATE REPORT
NATIONAL WEATHER SERVICE NORTH PLATTE
438 AM CDT TUE APR 24 2018


...................................

...THE NORTH PLATTE NE CLIMATE SUMMARY FOR APRIL 23 2018...

CLIMATE NORMAL PERIOD 1981 TO 2010
CLIMATE RECORD PERIOD 1874 TO 2018


WEATHER ITEM   OBSERVED TIME   RECORD YEAR NORMAL DEPARTURE LAST
                VALUE   (LST)  VALUE       VALUE  FROM      YEAR
                                                  NORMAL
..................................................................
TEMPERATURE (F)
 YESTERDAY
  MAXIMUM         70    312 PM  91    1939  65      5       72
  MINIMUM         30    603 AM  18    2013  36     -6       30
  AVERAGE         50                        50      0       51

PRECIPITATION (IN)
  YESTERDAY        0.00          2.09 1929   0.09  -0.09     0.00
  MONTH TO DATE    1.25                      1.65  -0.40     0.31
  SINCE MAR 1      1.96                      2.70  -0.74     2.13
  SINCE JAN 1      3.86                      3.54   0.32     3.32

SNOWFALL (IN)
  YESTERDAY        0.0           4.0  1937   0.1   -0.1      0.0
  MONTH TO DATE    9.5                       2.9    6.6      0.0
  SINCE MAR 1     12.6                       7.3    5.3       T
  SINCE JUL 1     49.1                      28.2   20.9     20.3
  SNOW DEPTH       0

DEGREE DAYS
 HEATING
  YESTERDAY       15                        15      0       14
  MONTH TO DATE  578                       429    149      279
  SINCE MAR 1   1361                      1266     95      930
  SINCE JUL 1   6387                      6294     93     5252

 COOLING
  YESTERDAY        0                         0      0        0
  MONTH TO DATE    0                         0      0        2
  SINCE MAR 1      0                         0      0        2
  SINCE JAN 1      0                         0      0        2
..................................................................


WIND (MPH)
  HIGHEST WIND SPEED    17   HIGHEST WIND DIRECTION     S (180)
  HIGHEST GUST SPEED    26   HIGHEST GUST DIRECTION     S (180)
  AVERAGE WIND SPEED     6.6


SKY COVER
  POSSIBLE SUNSHINE  MM
  AVERAGE SKY COVER 0.0


WEATHER CONDITIONS
 THE FOLLOWING WEATHER WAS RECORDED YESTERDAY.
  FOG
  HAZE


RELATIVE HUMIDITY (PERCENT)
 HIGHEST   100           600 AM
 LOWEST     37           200 PM
 AVERAGE    69

..........................................................


THE NORTH PLATTE NE CLIMATE NORMALS FOR TODAY
                         NORMAL    RECORD    YEAR
 MAXIMUM TEMPERATURE (F)   65        93      2012
 MINIMUM TEMPERATURE (F)   36        14      2013


SUNRISE AND SUNSET
APRIL 24 2018.........SUNRISE   650 AM CDT   SUNSET   832 PM CDT
APRIL 25 2018.........SUNRISE   649 AM CDT   SUNSET   833 PM CDT


-  INDICATES NEGATIVE NUMBERS.
R  INDICATES RECORD WAS SET OR TIED.
MM INDICATES DATA IS MISSING.
T  INDICATES TRACE AMOUNT.




$$
