000
CDUS44 KSHV 210755
CLILFK


CLIMATE REPORT
NATIONAL WEATHER SERVICE SHREVEPORT, LA
255 AM CDT SAT APR 21 2018


...................................

...THE LUFKIN CLIMATE SUMMARY FOR APRIL 20 2018...

CLIMATE NORMAL PERIOD 1981 TO 2010
CLIMATE RECORD PERIOD 1906 TO 2018


WEATHER ITEM   OBSERVED TIME   RECORD YEAR NORMAL DEPARTURE LAST
                VALUE   (LST)  VALUE       VALUE  FROM      YEAR
                                                  NORMAL
..................................................................
TEMPERATURE (F)
 YESTERDAY
  MAXIMUM         68    315 PM  93    2011  79    -11       84
  MINIMUM         47    613 AM  35    1953  56     -9       67
  AVERAGE         58                        68    -10       76

PRECIPITATION (IN)
  YESTERDAY        0.00          2.01 1982   0.10  -0.10      T
  MONTH TO DATE    2.54                      1.97   0.57     5.36
  SINCE DEC 1     23.00                     18.24   4.76    20.24
  SINCE JAN 1     19.39                     13.80   5.59    15.33

SNOWFALL (IN)
  YESTERDAY        0.0
  MONTH TO DATE    0.0
  SINCE MAR 1      0.0
  SINCE JUL 1      1.1
  SNOW DEPTH       0

DEGREE DAYS
 HEATING
  YESTERDAY        7                         2      5        0
  MONTH TO DATE   98                        59     39       20
  SINCE MAR 1    217                       269    -52      143
  SINCE JUL 1   1837                      1903    -66     1119

 COOLING
  YESTERDAY        0                         4     -4       11
  MONTH TO DATE   43                        66    -23       87
  SINCE MAR 1    132                       107     25      181
  SINCE JAN 1    175                       126     49      263
..................................................................


WIND (MPH)
  HIGHEST WIND SPEED    15   HIGHEST WIND DIRECTION     E (70)
  HIGHEST GUST SPEED    22   HIGHEST GUST DIRECTION     E (90)
  AVERAGE WIND SPEED     7.2


SKY COVER
  POSSIBLE SUNSHINE  MM
  AVERAGE SKY COVER 0.0


WEATHER CONDITIONS
 THE FOLLOWING WEATHER WAS RECORDED YESTERDAY.
  NO SIGNIFICANT WEATHER WAS OBSERVED.


RELATIVE HUMIDITY (PERCENT)
 HIGHEST    83           800 PM
 LOWEST     44           200 PM
 AVERAGE    64

..........................................................


THE LUFKIN CLIMATE NORMALS FOR TODAY
                         NORMAL    RECORD    YEAR
 MAXIMUM TEMPERATURE (F)   79        91      2011
 MINIMUM TEMPERATURE (F)   56        37      1918


SUNRISE AND SUNSET
APRIL 21 2018.........SUNRISE   644 AM CDT   SUNSET   752 PM CDT
APRIL 22 2018.........SUNRISE   643 AM CDT   SUNSET   752 PM CDT


-  INDICATES NEGATIVE NUMBERS.
R  INDICATES RECORD WAS SET OR TIED.
MM INDICATES DATA IS MISSING.
T  INDICATES TRACE AMOUNT.




$$
