000
CDHW41 PHFO 260245
CLILIH


CLIMATE REPORT
NATIONAL WEATHER SERVICE HONOLULU HI
445 PM HST FRI MAY 25 2018


...................................

...THE LIHUE HI CLIMATE SUMMARY FOR MAY 25 2018...
VALID TODAY AS OF 0400 PM LOCAL TIME.

CLIMATE NORMAL PERIOD 1981 TO 2010
CLIMATE RECORD PERIOD 1946 TO 2018


WEATHER ITEM   OBSERVED TIME   RECORD YEAR NORMAL DEPARTURE LAST
                VALUE   (LST)  VALUE       VALUE  FROM      YEAR
                                                  NORMAL
..................................................................
TEMPERATURE (F)
 TODAY
  MAXIMUM         81    104 PM  84    2007  82     -1       83
                                      2005
                                      2004
  MINIMUM         74    605 AM  64    1959  71      3       73
  AVERAGE         78                        77      1       78

PRECIPITATION (IN)
  TODAY            0.00          1.44 1959   0.05  -0.05     0.01
  MONTH TO DATE    1.28                      1.76  -0.48     0.75
  SINCE MAR 1     16.01                      8.62   7.39     7.25
  SINCE JAN 1     25.04                     15.53   9.51    13.73

SNOWFALL (IN)
  TODAY            0.0
  MONTH TO DATE    0.0
  SINCE MAR 1      0.0
  SINCE JUL 1      0.0
  SNOW DEPTH      MM

DEGREE DAYS
 HEATING
  TODAY            0                         0      0        0
  MONTH TO DATE    0                         0      0        0
  SINCE MAR 1      0                         0      0        0
  SINCE JUL 1      0                         0      0        0

 COOLING
  TODAY           13                        12      1       13
  MONTH TO DATE  263                       264     -1      334
  SINCE MAR 1    798                       773     25      955
  SINCE JAN 1   1249                      1168     81     1396
..................................................................


WIND (MPH)
  HIGHEST WIND SPEED    24   HIGHEST WIND DIRECTION    NE (50)
  HIGHEST GUST SPEED    28   HIGHEST GUST DIRECTION    NE (50)
  AVERAGE WIND SPEED    MM


SKY COVER
  POSSIBLE SUNSHINE  MM
  AVERAGE SKY COVER  MM


WEATHER CONDITIONS
 THE FOLLOWING WEATHER WAS RECORDED TODAY.
  NO SIGNIFICANT WEATHER WAS OBSERVED.


RELATIVE HUMIDITY (PERCENT)
 HIGHEST    MM
 LOWEST     MM
 AVERAGE    MM

..........................................................


THE LIHUE HI CLIMATE NORMALS FOR TOMORROW
                         NORMAL    RECORD    YEAR
 MAXIMUM TEMPERATURE (F)   82        85      1979
                                             1960
 MINIMUM TEMPERATURE (F)   71        62      1959


SUNRISE AND SUNSET
MAY 25 2018...........SUNRISE   555 AM HST   SUNSET   714 PM HST
MAY 26 2018...........SUNRISE   555 AM HST   SUNSET   715 PM HST


-  INDICATES NEGATIVE NUMBERS.
R  INDICATES RECORD WAS SET OR TIED.
MM INDICATES DATA IS MISSING.
T  INDICATES TRACE AMOUNT.




$$
