000
CDUS44 KLZK 212108
CLILIT


CLIMATE REPORT
NATIONAL WEATHER SERVICE LITTLE ROCK AR
408 PM CDT MON MAY 21 2018


...................................

...THE LITTLE ROCK ADAMS FIELD CLIMATE SUMMARY FOR MAY 21 2018...
VALID TODAY AS OF 0400 PM LOCAL TIME.

CLIMATE NORMAL PERIOD 1981 TO 2010
CLIMATE RECORD PERIOD 1874 TO 2018


WEATHER ITEM   OBSERVED TIME   RECORD YEAR NORMAL DEPARTURE LAST
                VALUE   (LST)  VALUE       VALUE  FROM      YEAR
                                                  NORMAL
..................................................................
TEMPERATURE (F)
 TODAY
  MAXIMUM         81    300 PM  95    1962  82     -1       79
  MINIMUM         69    654 AM  46    1954  63      6       59
                                      1892
  AVERAGE         75                        73      2       69

PRECIPITATION (IN)
  TODAY            0.35          3.17 1898   0.14   0.21      T
  MONTH TO DATE    0.85                      3.48  -2.63     4.55
  SINCE MAR 1     10.67                     13.30  -2.63    18.55
  SINCE JAN 1     26.93                     20.51   6.42    23.55

SNOWFALL (IN)
  TODAY            0.0          MM      MM   0.0    0.0      0.0
  MONTH TO DATE    0.0                       0.0    0.0      0.0
  SINCE MAR 1      T                         0.4   -0.4      0.0
  SINCE JUL 1      1.7                       3.5   -1.8      0.2
  SNOW DEPTH       0

DEGREE DAYS
 HEATING
  TODAY            0                         0      0        0
  MONTH TO DATE    0                        18    -18       24
  SINCE MAR 1    553                       537     16      378
  SINCE JUL 1   3078                      3050     28     2292

 COOLING
  TODAY           10                         8      2        4
  MONTH TO DATE  223                       116    107       92
  SINCE MAR 1    250                       186     64      187
  SINCE JAN 1    259                       188     71      199
..................................................................


WIND (MPH)
  HIGHEST WIND SPEED    12   HIGHEST WIND DIRECTION     E (70)
  HIGHEST GUST SPEED    14   HIGHEST GUST DIRECTION     E (70)
  AVERAGE WIND SPEED     5.0


SKY COVER
  POSSIBLE SUNSHINE  MM
  AVERAGE SKY COVER 0.8


WEATHER CONDITIONS
 THE FOLLOWING WEATHER WAS RECORDED TODAY.
  THUNDERSTORM
  LIGHT RAIN
  FOG


RELATIVE HUMIDITY (PERCENT)
 HIGHEST   100          1200 AM
 LOWEST     76           100 PM
 AVERAGE    88

..........................................................


THE LITTLE ROCK ADAMS FIELD CLIMATE NORMALS FOR TOMORROW
                         NORMAL    RECORD    YEAR
 MAXIMUM TEMPERATURE (F)   83        94      2010
                                             1972
                                             1970
 MINIMUM TEMPERATURE (F)   63        44      1883


SUNRISE AND SUNSET
MAY 21 2018...........SUNRISE   602 AM CDT   SUNSET   810 PM CDT
MAY 22 2018...........SUNRISE   601 AM CDT   SUNSET   810 PM CDT


-  INDICATES NEGATIVE NUMBERS.
R  INDICATES RECORD WAS SET OR TIED.
MM INDICATES DATA IS MISSING.
T  INDICATES TRACE AMOUNT.




$$
