000
CDUS45 KPIH 200733
CLILLJ


CLIMATE REPORT
NATIONAL WEATHER SERVICE POCATELLO ID
133 AM MDT FRI APR 20 2018


...................................

...THE CHALLIS ID CLIMATE SUMMARY FOR APRIL 19 2018...

CLIMATE NORMAL PERIOD 1981 TO 2010
CLIMATE RECORD PERIOD 1898 TO 2018


WEATHER ITEM   OBSERVED TIME   RECORD YEAR NORMAL DEPARTURE LAST
                VALUE   (LST)  VALUE       VALUE  FROM      YEAR
                                                  NORMAL
..................................................................
TEMPERATURE (F)
 YESTERDAY
  MAXIMUM         63    340 PM  81    1962  58      5       60
  MINIMUM         30    609 AM  13    1927  30      0       30
  AVERAGE         47                        44      3       45

PRECIPITATION (IN)
  YESTERDAY        0.00          0.25 1955   0.02  -0.02      T
  MONTH TO DATE    0.40                      0.46  -0.06     0.30
  SINCE OCT 1      2.87                      4.23  -1.36     6.51
  SINCE JAN 1      1.73                      2.30  -0.57     3.10

SNOWFALL (IN)
  YESTERDAY       MM
  MONTH TO DATE   MM
  SINCE MAR 1     MM
  SINCE JUL 1     MM
  SNOW DEPTH      MM

DEGREE DAYS
 HEATING
  YESTERDAY       18                        21     -3       20
  MONTH TO DATE  404                       432    -28      442
  SINCE MAR 1   1317                      1328    -11     1192
  SINCE JUL 1   6591                      7377   -786     7637

 COOLING
  YESTERDAY        0                         0      0        0
  MONTH TO DATE    0                         0      0        0
  SINCE MAR 1      0                         0      0        0
  SINCE JAN 1      0                         0      0        0
..................................................................


WIND (MPH)
  HIGHEST WIND SPEED    17   HIGHEST WIND DIRECTION     E (80)
  HIGHEST GUST SPEED    25   HIGHEST GUST DIRECTION     E (80)
  AVERAGE WIND SPEED     4.3


SKY COVER
  POSSIBLE SUNSHINE  MM
  AVERAGE SKY COVER 0.4


WEATHER CONDITIONS
 THE FOLLOWING WEATHER WAS RECORDED YESTERDAY.
  NO SIGNIFICANT WEATHER WAS OBSERVED.


RELATIVE HUMIDITY (PERCENT)
 HIGHEST    59           700 AM
 LOWEST     17           500 PM
 AVERAGE    38

..........................................................


THE CHALLIS ID CLIMATE NORMALS FOR TODAY
                         NORMAL    RECORD    YEAR
 MAXIMUM TEMPERATURE (F)   58        82      1994
 MINIMUM TEMPERATURE (F)   30         8      1927


SUNRISE AND SUNSET
APRIL 20 2018.........SUNRISE   644 AM MDT   SUNSET   828 PM MDT
APRIL 21 2018.........SUNRISE   643 AM MDT   SUNSET   829 PM MDT


-  INDICATES NEGATIVE NUMBERS.
R  INDICATES RECORD WAS SET OR TIED.
MM INDICATES DATA IS MISSING.
T  INDICATES TRACE AMOUNT.




$$
