000
CDUS43 KOAX 230623
CLILNK


CLIMATE REPORT
NATIONAL WEATHER SERVICE OMAHA NEBRASKA
121 AM CDT WED MAY 23 2018


...................................

...THE LINCOLN, NEBRASKA CLIMATE SUMMARY FOR MAY 22 2018...

CLIMATE NORMAL PERIOD 1981 TO 2010
CLIMATE RECORD PERIOD 1887 TO 2018


WEATHER ITEM   OBSERVED TIME   RECORD YEAR NORMAL DEPARTURE LAST
                VALUE   (LST)  VALUE       VALUE  FROM      YEAR
                                                  NORMAL
..................................................................
TEMPERATURE (F)
 YESTERDAY
  MAXIMUM         88    447 PM  96    1925  76     12       74
  MINIMUM         59    358 AM  36    1963  53      6       47
  AVERAGE         74                        64     10       61

PRECIPITATION (IN)
  YESTERDAY        0.06          2.43 1965   0.14  -0.08     0.17
  MONTH TO DATE    1.39                      3.06  -1.67     5.87
  SINCE MAR 1      4.77                      7.70  -2.93    11.04
  SINCE JAN 1      5.92                      9.11  -3.19    12.69

SNOWFALL (IN)
  YESTERDAY        0.0                       0.0    0.0      0.0
  MONTH TO DATE    0.0                       0.1   -0.1       T
  SINCE JUL 1     21.4                      26.0   -4.6      7.5
  SNOW DEPTH       0

DEGREE DAYS
 HEATING
  YESTERDAY        0                         3     -3        4
  MONTH TO DATE   44                       127    -83      110
  SINCE MAR 1   1400                      1317     83     1114
  SINCE JUL 1   5999                      6020    -21     4997

 COOLING
  YESTERDAY        9                         3      6        0
  MONTH TO DATE   67                        34     33       58
  SINCE MAR 1     75                        48     27       71
  SINCE JAN 1     75                        48     27       71
..................................................................


WIND (MPH)
  HIGHEST WIND SPEED    20   HIGHEST WIND DIRECTION     S (180)
  HIGHEST GUST SPEED    27   HIGHEST GUST DIRECTION     S (190)
  AVERAGE WIND SPEED     9.8


SKY COVER
  POSSIBLE SUNSHINE  MM
  AVERAGE SKY COVER 0.3


WEATHER CONDITIONS
 THE FOLLOWING WEATHER WAS RECORDED YESTERDAY.
  THUNDERSTORM
  LIGHT RAIN
  FOG


RELATIVE HUMIDITY (PERCENT)
 HIGHEST    93           600 AM
 LOWEST     40           500 PM
 AVERAGE    67

..........................................................


THE LINCOLN, NEBRASKA CLIMATE NORMALS FOR TODAY
                         NORMAL    RECORD    YEAR
 MAXIMUM TEMPERATURE (F)   76        94      2012
                                             1939
 MINIMUM TEMPERATURE (F)   53        39      1893


SUNRISE AND SUNSET
MAY 23 2018...........SUNRISE   603 AM CDT   SUNSET   845 PM CDT
MAY 24 2018...........SUNRISE   602 AM CDT   SUNSET   846 PM CDT


-  INDICATES NEGATIVE NUMBERS.
R  INDICATES RECORD WAS SET OR TIED.
MM INDICATES DATA IS MISSING.
T  INDICATES TRACE AMOUNT.


$$

BCM
