736
CDUS41 KRNK 260944
CLILYH


CLIMATE REPORT
NATIONAL WEATHER SERVICE BLACKSBURG VA
540 AM EDT THU APR 26 2018


...................................

...THE LYNCHBURG VA CLIMATE SUMMARY FOR APRIL 25 2018...

CLIMATE NORMAL PERIOD 1981 TO 2010
CLIMATE RECORD PERIOD 1893 TO 2018


WEATHER ITEM   OBSERVED TIME   RECORD YEAR NORMAL DEPARTURE LAST
                VALUE   (LST)  VALUE       VALUE  FROM      YEAR
                                                  NORMAL
..................................................................
TEMPERATURE (F)
 YESTERDAY
  MAXIMUM         67    434 PM  94    1925  71     -4       60
  MINIMUM         50   1159 PM  30    1969  45      5       49
  AVERAGE         59                        58      1       55

PRECIPITATION (IN)
  YESTERDAY        0.14          2.34 1937   0.11   0.03     0.16
  MONTH TO DATE    4.18                      2.77   1.41     4.18
  SINCE MAR 1      7.25                      6.35   0.90     6.84
  SINCE JAN 1     15.91                     12.42   3.49    11.22

SNOWFALL (IN)
  YESTERDAY        0.0                                       0.0
  MONTH TO DATE    0.5                                       0.0
  SINCE MAR 1      8.2                                        T
  SINCE JUL 1     13.9                                       5.9
  SNOW DEPTH       0

DEGREE DAYS
 HEATING
  YESTERDAY        6                         8     -2       10
  MONTH TO DATE  321                       268     53      159
  SINCE MAR 1   1043                       863    180      698
  SINCE JUL 1   4271                      4287    -16     3407

 COOLING
  YESTERDAY        0                         1     -1        0
  MONTH TO DATE   11                        13     -2       26
  SINCE MAR 1     11                        15     -4       26
  SINCE JAN 1     11                        15     -4       27
..................................................................


WIND (MPH)
  HIGHEST WIND SPEED    16   HIGHEST WIND DIRECTION     N (20)
  HIGHEST GUST SPEED    21   HIGHEST GUST DIRECTION    NE (30)
  AVERAGE WIND SPEED     5.9


SKY COVER
  AVERAGE SKY COVER 0.8


WEATHER CONDITIONS
 THE FOLLOWING WEATHER WAS RECORDED YESTERDAY.
  RAIN
  LIGHT RAIN
  FOG


RELATIVE HUMIDITY (PERCENT)
 HIGHEST   100           200 AM
 LOWEST     68           500 PM
 AVERAGE    84

..........................................................


THE LYNCHBURG VA CLIMATE NORMALS FOR TODAY
                         NORMAL    RECORD    YEAR
 MAXIMUM TEMPERATURE (F)   71        93      1915
 MINIMUM TEMPERATURE (F)   45        30      1934


SUNRISE AND SUNSET
APRIL 26 2018.........SUNRISE   628 AM EDT   SUNSET   802 PM EDT
APRIL 27 2018.........SUNRISE   627 AM EDT   SUNSET   803 PM EDT


-  INDICATES NEGATIVE NUMBERS.
R  INDICATES RECORD WAS SET OR TIED.
MM INDICATES DATA IS MISSING.
T  INDICATES TRACE AMOUNT.

$$

RAB
