000
CDUS42 KTAE 270631
CLIMAI


CLIMATE REPORT
NATIONAL WEATHER SERVICE TALLAHASSEE FL
230 AM EDT FRI APR 27 2018


...................................

...THE MARIANNA CLIMATE SUMMARY FOR APRIL 26 2018...

CLIMATE NORMAL PERIOD 1981 TO 2010
CLIMATE RECORD PERIOD 1950 TO 2018


WEATHER ITEM   OBSERVED NORMAL DEPARTURE LAST
                VALUE   VALUE  FROM      YEAR
                               NORMAL
...............................................
TEMPERATURE (F)
 YESTERDAY
  MAXIMUM         80     82     -2       85
  MINIMUM         55     57     -2       57
  AVERAGE         68     69     -1       71

PRECIPITATION (IN)
  YESTERDAY        T      0.07  -0.07     0.00
  MONTH TO DATE    2.17   3.49  -1.32     2.03
  SINCE MAR 1      6.25   9.03  -2.78     4.11
  SINCE JAN 1     20.39  19.01   1.38    14.51

DEGREE DAYS
 HEATING
  YESTERDAY        0            -1
  MONTH TO DATE   42           -18
  SINCE MAR 1    226           -14
  SINCE JUL 1   1365          -280

 COOLING
  YESTERDAY        3            -2
  MONTH TO DATE   65           -23
  SINCE MAR 1    111            -9
  SINCE JAN 1    219            84
...............................................


WIND (MPH)
  HIGHEST WIND SPEED    23   HIGHEST WIND DIRECTION    SW (220)
  HIGHEST GUST SPEED    30   HIGHEST GUST DIRECTION    SW (230)
  AVERAGE WIND SPEED     7.8




RELATIVE HUMIDITY (PERCENT)
 HIGHEST    93
 LOWEST     54
 AVERAGE    74

..........................................................




SUNRISE AND SUNSET
APRIL 27 2018.........SUNRISE   600 AM CDT   SUNSET   717 PM CDT
APRIL 28 2018.........SUNRISE   559 AM CDT   SUNSET   717 PM CDT


-  INDICATES NEGATIVE NUMBERS.
R  INDICATES RECORD WAS SET OR TIED.
MM INDICATES DATA IS MISSING.
T  INDICATES TRACE AMOUNT.




$$
