000
CDUS46 KHNX 220828
CLIMCE


CLIMATE REPORT
NATIONAL WEATHER SERVICE SAN JOAQUIN VALLEY, CA
128 AM PDT TUE MAY 22 2018


...................................

...THE MERCED  CA CLIMATE SUMMARY FOR MAY 21 2018...

CLIMATE NORMAL PERIOD 1981 TO 2010
CLIMATE RECORD PERIOD 1998 TO 2018


WEATHER ITEM   OBSERVED TIME   RECORD YEAR NORMAL DEPARTURE
                VALUE   (LST)  VALUE       VALUE  FROM
                                                  NORMAL
...............................................................
TEMPERATURE (F)
 YESTERDAY
  MAXIMUM         80    554 PM  98    2001  84     -4
  MINIMUM         51    124 AM  46    2016  53     -2
                                      2002
  AVERAGE         66                        68     -2

PRECIPITATION (IN)
  YESTERDAY        0.00          1.00 2006   0.01  -0.01
  MONTH TO DATE    T                         0.49  -0.49
  SINCE OCT 1      6.91                     11.97  -5.06
  SINCE JAN 1      5.80                      8.46  -2.66

SNOWFALL (IN)
  YESTERDAY        0.0
  MONTH TO DATE    0.0
  SINCE MAR 1      0.0
  SINCE JUL 1      0.0
  SNOW DEPTH       0

DEGREE DAYS
 HEATING
  YESTERDAY        0
  MONTH TO DATE    8
  SINCE MAR 1    507
  SINCE JUL 1   2297

 COOLING
  YESTERDAY        1
  MONTH TO DATE   55
  SINCE MAR 1     74
  SINCE JAN 1     74
...............................................................


WIND (MPH)
  HIGHEST WIND SPEED    10   HIGHEST WIND DIRECTION     W (260)
  HIGHEST GUST SPEED    16   HIGHEST GUST DIRECTION     W (260)
  AVERAGE WIND SPEED     4.6




RELATIVE HUMIDITY (PERCENT)
 HIGHEST    83
 LOWEST     39
 AVERAGE    61

..........................................................


THE MERCED  CA CLIMATE NORMALS FOR TODAY
                         NORMAL    RECORD    YEAR
 MAXIMUM TEMPERATURE (F)   84       100      2000
 MINIMUM TEMPERATURE (F)   53        40      2010


SUNRISE AND SUNSET
MAY 22 2018...........SUNRISE   548 AM PDT   SUNSET   810 PM PDT
MAY 23 2018...........SUNRISE   548 AM PDT   SUNSET   811 PM PDT


-  INDICATES NEGATIVE NUMBERS.
R  INDICATES RECORD WAS SET OR TIED.
MM INDICATES DATA IS MISSING.
T  INDICATES TRACE AMOUNT.




$$
