000
CDUS43 KEAX 280636
CLIMCI

CLIMATE REPORT
NATIONAL WEATHER SERVICE KANSAS CITY/PLEASANT HILL MO
134 AM CDT MON MAY 28 2018


...................................

...THE KANSAS CITY INTERNATIONAL MO CLIMATE SUMMARY FOR MAY 27 2018...

CLIMATE NORMAL PERIOD 1981 TO 2010
CLIMATE RECORD PERIOD 1888 TO 2018


WEATHER ITEM   OBSERVED TIME   RECORD YEAR NORMAL DEPARTURE LAST
                VALUE   (LST)  VALUE       VALUE  FROM      YEAR
                                                  NORMAL
..................................................................
TEMPERATURE (F)
 YESTERDAY
  MAXIMUM         93    315 PM  94    2006  78     15       75
  MINIMUM         69    411 AM  38    1992  58     11       60
  AVERAGE         81                        68     13       68

PRECIPITATION (IN)
  YESTERDAY        0.00          2.26 2013   0.17  -0.17     0.39
  MONTH TO DATE    5.07                      4.56   0.51     5.37
  SINCE MAR 1      7.76                     10.63  -2.87    14.82
  SINCE JAN 1     10.21                     13.16  -2.95    16.27

SNOWFALL (IN)
  YESTERDAY        0.0           0.0    MM   0.0    0.0      0.0
  MONTH TO DATE    0.0                       0.0    0.0      0.0
  SINCE MAR 1      1.9                       2.6   -0.7      0.4
  SINCE JUL 1      7.7                      18.8  -11.1      4.9
  SNOW DEPTH       0

DEGREE DAYS
 HEATING
  YESTERDAY        0                         2     -2        0
  MONTH TO DATE    0                        99    -99      109
  SINCE MAR 1   1187                      1074    113      892
  SINCE JUL 1   5114                      5119     -5     4146

 COOLING
  YESTERDAY       16                         4     12        3
  MONTH TO DATE  215                        67    148       67
  SINCE MAR 1    226                        95    131      100
  SINCE JAN 1    226                        95    131      100
..................................................................


WIND (MPH)
  HIGHEST WIND SPEED    13   HIGHEST WIND DIRECTION     S (190)
  HIGHEST GUST SPEED    17   HIGHEST GUST DIRECTION     S (190)
  AVERAGE WIND SPEED     6.4


SKY COVER
  POSSIBLE SUNSHINE  MM
  AVERAGE SKY COVER 0.4


WEATHER CONDITIONS
 THE FOLLOWING WEATHER WAS RECORDED YESTERDAY.
  NO SIGNIFICANT WEATHER WAS OBSERVED.


RELATIVE HUMIDITY (PERCENT)
 HIGHEST    90          1200 AM
 LOWEST     44           100 PM
 AVERAGE    67

..........................................................


THE KANSAS CITY INTERNATIONAL MO CLIMATE NORMALS FOR TODAY
                         NORMAL    RECORD    YEAR
 MAXIMUM TEMPERATURE (F)   78        93      2006
 MINIMUM TEMPERATURE (F)   58        38      1947


SUNRISE AND SUNSET
MAY 28 2018...........SUNRISE   556 AM CDT   SUNSET   837 PM CDT
MAY 29 2018...........SUNRISE   556 AM CDT   SUNSET   837 PM CDT


-  INDICATES NEGATIVE NUMBERS.
R  INDICATES RECORD WAS SET OR TIED.
MM INDICATES DATA IS MISSING.
T  INDICATES TRACE AMOUNT.


&&

...MISCELLANEOUS CLIMATE DATA FROM YESTERDAY...

LOCATION                HIGH    LOW      PRECIP
ST. JOSEPH               99      68       0.00
DOWNTOWN KANSAS CITY     95      72       0.00
OLATHE NEW CENTURY       93      68       0.00
OLATHE JO CO EXEC        90      69       0.00
LEES SUMMIT              93      73       0.00
KIRKSVILLE               97      69       0.00
CHILLICOTHE              99      71       0.00
SEDALIA                  93      71       0.00
NWS PLEASANT HILL MO     92      70       0.00


THIS PRODUCT...ALONG WITH OTHER WEATHER...HYDROLOGICAL AND CLIMATE
INFORMATION...IS AVAILABLE ON THE WEB AT HTTP://WWW.WEATHER.GOV/EAX
OR AT HTTP://WEATHER.GOV

$$
