583
CDUS42 KFFC 260818
CLIMCN


CLIMATE REPORT
NATIONAL WEATHER SERVICE PEACHTREE CITY GA
417 AM EDT THU APR 26 2018


...................................

...THE MACON CLIMATE SUMMARY FOR APRIL 25 2018...

CLIMATE NORMAL PERIOD 1981 TO 2010
CLIMATE RECORD PERIOD 1899 TO 2018


WEATHER ITEM   OBSERVED TIME   RECORD YEAR NORMAL DEPARTURE LAST
                VALUE   (LST)  VALUE       VALUE  FROM      YEAR
                                                  NORMAL
..................................................................
TEMPERATURE (F)
 YESTERDAY
  MAXIMUM         73    256 PM  90    1960  79     -6       83
                                      1958
  MINIMUM         54    625 AM  36    2005  52      2       56
                                      1910
  AVERAGE         64                        66     -2       70

PRECIPITATION (IN)
  YESTERDAY        0.00          2.66 1979   0.08  -0.08     0.00
  MONTH TO DATE    4.34                      2.55   1.79     2.19
  SINCE MAR 1      6.99                      7.10  -0.11     3.64
  SINCE JAN 1     12.62                     15.70  -3.08    16.84

DEGREE DAYS
 HEATING
  YESTERDAY        1                         2     -1        0
  MONTH TO DATE  115                       102     13       41
  SINCE MAR 1    411                       374     37      278
  SINCE JUL 1   2062                      2299   -237     1465

 COOLING
  YESTERDAY        0                         3     -3        5
  MONTH TO DATE   24                        46    -22       96
  SINCE MAR 1     44                        64    -20      149
  SINCE JAN 1     95                        67     28      160
..................................................................


WIND (MPH)
  RESULTANT WIND SPEED   9   RESULTANT WIND DIRECTION  NW (300)
  HIGHEST WIND SPEED    20   HIGHEST WIND DIRECTION     W (290)
  HIGHEST GUST SPEED    23   HIGHEST GUST DIRECTION     W (290)
  AVERAGE WIND SPEED     8.9


SKY COVER
  AVERAGE SKY COVER 0.4


WEATHER CONDITIONS
 THE FOLLOWING WEATHER WAS RECORDED YESTERDAY.
  NO SIGNIFICANT WEATHER WAS OBSERVED.


RELATIVE HUMIDITY (PERCENT)
 HIGHEST   100           500 AM
 LOWEST     49           300 PM
 AVERAGE    75

..........................................................


THE MACON CLIMATE NORMALS FOR TODAY
                         NORMAL    RECORD    YEAR
 MAXIMUM TEMPERATURE (F)   79        93      1986
 MINIMUM TEMPERATURE (F)   53        36      1910


SUNRISE AND SUNSET
APRIL 26 2018.........SUNRISE   653 AM EDT   SUNSET   813 PM EDT
APRIL 27 2018.........SUNRISE   652 AM EDT   SUNSET   813 PM EDT


-  INDICATES NEGATIVE NUMBERS.
R  INDICATES RECORD WAS SET OR TIED.
MM INDICATES DATA IS MISSING.
T  INDICATES TRACE AMOUNT.




$$
