000
CDUS43 KDMX 230634 RRA
CLIMCW

CLIMATE REPORT
NATIONAL WEATHER SERVICE DES MOINES IA
134 AM CDT MON APR 23 2018

...................................

...THE MASON CITY IA CLIMATE SUMMARY FOR APRIL 22 2018...

CLIMATE NORMAL PERIOD 1981 TO 2010
CLIMATE RECORD PERIOD 1893 TO 2018


WEATHER ITEM   OBSERVED TIME   RECORD YEAR NORMAL DEPARTURE LAST
                VALUE   (LST)  VALUE       VALUE  FROM      YEAR
                                                  NORMAL
..................................................................
TEMPERATURE (F)
 YESTERDAY
  MAXIMUM         62    351 PM  93    1980  62      0       67
  MINIMUM         35    620 AM  21    1936  38     -3       34
  AVERAGE         49                        50     -1       51

PRECIPITATION (IN)
  YESTERDAY        0.00          1.76 1999   0.13  -0.13     0.00
  MONTH TO DATE    4.00                      2.64   1.36     3.37
  SINCE MAR 1      6.14                      4.87   1.27     5.28
  SINCE JAN 1      8.69                      6.69   2.00     9.27

SNOWFALL (IN)
  YESTERDAY        0.0           3.4  1984   0.0    0.0      0.0
  MONTH TO DATE   26.9                       2.4   24.5      0.0
  SINCE MAR 1     45.4                       8.4   37.0      8.5
  SINCE JUL 1     65.8                      40.9   24.9     47.9
  SNOW DEPTH      MM

DEGREE DAYS
 HEATING                                            DSMCLIMCY 000
TTAA00 KDMX 230631

  YESTERDAY       16                        16      0       14
  MONTH TO DATE  778                       445    333      318
  SINCE MAR 1   1841                      1439    402     1336
  SINCE JUL 1   7599                      7290    309     6248

 COOLING
  YESTERDAY        0                         0      0        0
  MONTH TO DATE    0                         0      0        0
  SINCE MAR 1      0                         0      0        0
  SINCE JAN 1      0                         0      0        0
..................................................................


WIND (MPH)
  HIGHEST WIND SPEED    16   HIGHEST WIND DIRECTION     E (80)
  HIGHEST GUST SPEED    21   HIGHEST GUST DIRECTION     E (80)
  AVERAGE WIND SPEED     8.4


SKY COVER
  POSSIBLE SUNSHINE  MM
  AVERAGE SKY COVER 0.3


WEATHER CONDITIONS
 THE FOLLOWING WEATHER WAS RECORDED YESTERDAY.
  NO SIGNIFICANT WEATHER WAS OBSERVED.


RELATIVE HUMIDITY (PERCENT)
 HIGHEST    92           600 AM
 LOWEST     46           300 PM
 AVERAGE    69

..........................................................


THE MASON CITY IA CLIMATE NORMALS FOR TODAY
                         NORMAL    RECORD    YEAR
 MAXIMUM TEMPERATURE (F)   62        90      1924
 MINIMUM TEMPERATURE (F)   38        22      2015
                                             1967


SUNRISE AND SUNSET
APRIL 23 2018.........SUNRISE   618 AM CDT   SUNSET   805 PM CDT
APRIL 24 2018.........SUNRISE   617 AM CDT   SUNSET   807 PM CDT


-  INDICATES NEGATIVE NUMBERS.
R  INDICATES RECORD WAS SET OR TIED.
MM INDICATES DATA IS MISSING.
T  INDICATES TRACE AMOUNT.

$$

SMALL
