000
CDUS43 KLOT 262141
CLIMDW


CLIMATE REPORT
NATIONAL WEATHER SERVICE CHICAGO IL
439 PM CDT THU APR 26 2018


...................................

...THE CHICAGO-MIDWAY CLIMATE SUMMARY FOR APRIL 26 2018...
VALID TODAY AS OF 0400 PM LOCAL TIME.

CLIMATE NORMAL PERIOD 1981 TO 2010
CLIMATE RECORD PERIOD 1928 TO 2018


WEATHER ITEM   OBSERVED TIME   RECORD YEAR NORMAL DEPARTURE
                VALUE   (LST)  VALUE       VALUE  FROM
                                                  NORMAL
...............................................................
TEMPERATURE (F)
 TODAY
  MAXIMUM         66    259 PM  91    1986  64      2
  MINIMUM         36    519 AM  29    1930  45     -9
                                      1928
  AVERAGE         51                        55     -4

PRECIPITATION (IN)
  TODAY            0.00          0.84 1979   0.13  -0.13
  MONTH TO DATE    1.40                      3.13  -1.73
  SINCE MAR 1      2.75                      5.85  -3.10
  SINCE JAN 1      8.04                      9.85  -1.81

DEGREE DAYS
 HEATING
  TODAY           14                        11      3
  MONTH TO DATE  613                       408    205
  SINCE MAR 1   1453                      1220    233
  SINCE JUL 1   5744                      5731     13

 COOLING
  TODAY            0                         1     -1
  MONTH TO DATE    0                         8     -8
  SINCE MAR 1      0                         9     -9
  SINCE JAN 1      0                         9     -9
...............................................................


WIND (MPH)
  RESULTANT WIND SPEED   1   RESULTANT WIND DIRECTION  NW (320)
  HIGHEST WIND SPEED    10   HIGHEST WIND DIRECTION    SW (240)
  HIGHEST GUST SPEED    14   HIGHEST GUST DIRECTION    SW (240)
  AVERAGE WIND SPEED     2.8


SKY COVER
  POSSIBLE SUNSHINE  MM
  AVERAGE SKY COVER 0.4


WEATHER CONDITIONS
 THE FOLLOWING WEATHER WAS RECORDED TODAY.
  NO SIGNIFICANT WEATHER WAS OBSERVED.


..........................................................


THE CHICAGO-MIDWAY CLIMATE NORMALS FOR TOMORROW
                         NORMAL    RECORD    YEAR
 MAXIMUM TEMPERATURE (F)   64        89      1986
 MINIMUM TEMPERATURE (F)   46        28      1928


SUNRISE AND SUNSET
APRIL 26 2018.........SUNRISE   554 AM CDT   SUNSET   744 PM CDT
APRIL 27 2018.........SUNRISE   553 AM CDT   SUNSET   745 PM CDT


-  INDICATES NEGATIVE NUMBERS.
R  INDICATES RECORD WAS SET OR TIED.
MM INDICATES DATA IS MISSING.
T  INDICATES TRACE AMOUNT.




$$
