860
CDUS44 KMEG 270633
CLIMEM


CLIMATE REPORT
NATIONAL WEATHER SERVICE MEMPHIS TN
133 AM CDT SUN MAY 27 2018


...................................

...THE MEMPHIS CLIMATE SUMMARY FOR MAY 26 2018...

CLIMATE NORMAL PERIOD 1981 TO 2010
CLIMATE RECORD PERIOD 1872 TO 2018


WEATHER ITEM   OBSERVED TIME   RECORD YEAR NORMAL DEPARTURE LAST
                VALUE   (LST)  VALUE       VALUE  FROM      YEAR
                                                  NORMAL
..................................................................
TEMPERATURE (F)
 YESTERDAY
  MAXIMUM         87    345 PM  95    1962  84      3       85
  MINIMUM         71    552 AM  47    1925  65      6       64
  AVERAGE         79                        74      5       75

PRECIPITATION (IN)
  YESTERDAY        T             2.28 1975   0.16  -0.16     0.00
  MONTH TO DATE    2.49                      4.48  -1.99     2.55
  SINCE MAR 1     14.79                     15.14  -0.35    11.52
  SINCE JAN 1     32.24                     23.51   8.73    17.18

SNOWFALL (IN)
  YESTERDAY        0.0          MM      MM   0.0    0.0      0.0
  MONTH TO DATE    0.0                       0.0    0.0      0.0
  SINCE MAR 1      0.0                       0.4   -0.4       T
  SINCE JUL 1      2.5                       3.8   -1.3      2.0
  SNOW DEPTH       0

DEGREE DAYS
 HEATING
  YESTERDAY        0                         0      0        0
  MONTH TO DATE    0                        17    -17       23
  SINCE MAR 1    599                       512     87      360
  SINCE JUL 1   3018                      2962     56     2059

 COOLING
  YESTERDAY       14                        10      4       10
  MONTH TO DATE  314                       174    140      147
  SINCE MAR 1    330                       266     64      299
  SINCE JAN 1    344                       269     75      321
..................................................................


WIND (MPH)
  HIGHEST WIND SPEED    18   HIGHEST WIND DIRECTION    NW (310)
  HIGHEST GUST SPEED    20   HIGHEST GUST DIRECTION    NW (310)
  AVERAGE WIND SPEED     4.5


SKY COVER
  POSSIBLE SUNSHINE  MM
  AVERAGE SKY COVER 0.7


WEATHER CONDITIONS
 THE FOLLOWING WEATHER WAS RECORDED YESTERDAY.
  THUNDERSTORM
  LIGHT RAIN


RELATIVE HUMIDITY (PERCENT)
 HIGHEST   100           100 AM
 LOWEST     61           200 PM
 AVERAGE    81

..........................................................


THE MEMPHIS CLIMATE NORMALS FOR TODAY
                         NORMAL    RECORD    YEAR
 MAXIMUM TEMPERATURE (F)   84        95      1911
 MINIMUM TEMPERATURE (F)   65        41      1961


SUNRISE AND SUNSET
MAY 27 2018...........SUNRISE   549 AM CDT   SUNSET   806 PM CDT
MAY 28 2018...........SUNRISE   549 AM CDT   SUNSET   806 PM CDT


-  INDICATES NEGATIVE NUMBERS.
R  INDICATES RECORD WAS SET OR TIED.
MM INDICATES DATA IS MISSING.
T  INDICATES TRACE AMOUNT.




$$
