000
CDUS46 KMFR 270036
CLIMFR


CLIMATE REPORT
NATIONAL WEATHER SERVICE MEDFORD, OR
536 PM PDT THU APR 26 2018


...................................

...THE MEDFORD OR CLIMATE SUMMARY FOR APRIL 26 2018...
VALID TODAY AS OF 0500 PM LOCAL TIME.

CLIMATE NORMAL PERIOD 1981 TO 2010
CLIMATE RECORD PERIOD 1911 TO 2018


WEATHER ITEM   OBSERVED TIME   RECORD YEAR NORMAL DEPARTURE LAST
                VALUE   (LST)  VALUE       VALUE  FROM      YEAR
                                                  NORMAL
..................................................................
TEMPERATURE (F)
 TODAY
  MAXIMUM         87    339 PM  92    1987  68     19       59
  MINIMUM         50    457 AM  29    1976  42      8       46
                                      1943
  AVERAGE         69                        55     14       53

PRECIPITATION (IN)
  TODAY            0.00          0.38 1932   0.04  -0.04     0.27
  MONTH TO DATE    0.74                      1.21  -0.47     0.95
  SINCE OCT 1      9.68                     15.00  -5.32    23.69
  SINCE JAN 1      5.07                      7.36  -2.29    12.00

SNOWFALL (IN)
  TODAY            0.0                       0.0    0.0      0.0
  MONTH TO DATE    0.0                       0.1   -0.1      0.0
  SINCE JUL 1      4.2                       4.2    0.0     11.8
  SNOW DEPTH       0

DEGREE DAYS
 HEATING
  TODAY            0                        10    -10       12
  MONTH TO DATE  306                       327    -21      332
  SINCE MAR 1    860                       845     15      801
  SINCE JUL 1   3953                      3959     -6     3846

 COOLING
  TODAY            4                         0      4        0
  MONTH TO DATE    8                         0      8        0
  SINCE MAR 1      8                         0      8        0
  SINCE JAN 1      8                         0      8        0
..................................................................


WIND (MPH)
  HIGHEST WIND SPEED     9   HIGHEST WIND DIRECTION     W (290)
  HIGHEST GUST SPEED    13   HIGHEST GUST DIRECTION    NW (310)
  AVERAGE WIND SPEED     2.0


SKY COVER
  POSSIBLE SUNSHINE  MM
  AVERAGE SKY COVER 0.0


WEATHER CONDITIONS
 THE FOLLOWING WEATHER WAS RECORDED TODAY.
  HAZE


RELATIVE HUMIDITY (PERCENT)
 HIGHEST    74           500 AM
 LOWEST     21           300 PM
 AVERAGE    48

..........................................................


THE MEDFORD OR CLIMATE NORMALS FOR TOMORROW
                         NORMAL    RECORD    YEAR
 MAXIMUM TEMPERATURE (F)   68        95      1926
 MINIMUM TEMPERATURE (F)   43        27      1955


SUNRISE AND SUNSET
APRIL 26 2018.........SUNRISE   613 AM PDT   SUNSET   806 PM PDT
APRIL 27 2018.........SUNRISE   612 AM PDT   SUNSET   807 PM PDT


-  INDICATES NEGATIVE NUMBERS.
R  INDICATES RECORD WAS SET OR TIED.
MM INDICATES DATA IS MISSING.
T  INDICATES TRACE AMOUNT.




$$
