000
CDUS41 KPBZ 252112
CLIMGW


CLIMATE REPORT
NATIONAL WEATHER SERVICE PITTSBURGH PA
512 PM EDT FRI MAY 25 2018


...................................

...THE MORGANTOWN WV CLIMATE SUMMARY FOR MAY 25 2018...
VALID TODAY AS OF 0500 PM LOCAL TIME.

CLIMATE NORMAL PERIOD 1981 TO 2010
CLIMATE RECORD PERIOD 1872 TO 2018


WEATHER ITEM   OBSERVED TIME   RECORD YEAR NORMAL DEPARTURE LAST
                VALUE   (LST)  VALUE       VALUE  FROM      YEAR
                                                  NORMAL
..................................................................
TEMPERATURE (F)
 TODAY
  MAXIMUM         87    336 PM  89    1991  74     13       68
                                      1970
                                      1939
  MINIMUM         58    518 AM  32    2013  53      5       56
  AVERAGE         73                        63     10       62

PRECIPITATION (IN)
  TODAY            0.00          1.80 1921   0.15  -0.15     0.81
  MONTH TO DATE    4.79                      3.68   1.11     4.60
  SINCE JUN 1     49.02                     40.90   8.12    51.59
  SINCE JAN 1     22.69                     16.26   6.43    22.18

DEGREE DAYS
 HEATING
  TODAY            0                         4     -4        3
  MONTH TO DATE   26                       150   -124      150
  SINCE MAR 1   1408                      1244    164     1005
  SINCE JUL 1   5030                      5133   -103     4018

 COOLING
  TODAY            8                         2      6        0
  MONTH TO DATE  107                        36     71       49
  SINCE MAR 1    126                        52     74       86
  SINCE JAN 1    131                        52     79       89
..................................................................


WIND (MPH)
  RESULTANT WIND SPEED   2   RESULTANT WIND DIRECTION   S (160)
  HIGHEST WIND SPEED    13   HIGHEST WIND DIRECTION     S (200)
  HIGHEST GUST SPEED    19   HIGHEST GUST DIRECTION     S (200)
  AVERAGE WIND SPEED     3.8


SKY COVER
  POSSIBLE SUNSHINE  MM
  AVERAGE SKY COVER 0.1


WEATHER CONDITIONS
 THE FOLLOWING WEATHER WAS RECORDED TODAY.
  NO SIGNIFICANT WEATHER WAS OBSERVED.


RELATIVE HUMIDITY (PERCENT)
 HIGHEST    93           500 AM
 LOWEST     43           400 PM
 AVERAGE    68

..........................................................


THE MORGANTOWN WV CLIMATE NORMALS FOR TOMORROW
                         NORMAL    RECORD    YEAR
 MAXIMUM TEMPERATURE (F)   74        91      1991
 MINIMUM TEMPERATURE (F)   53        31      1917


SUNRISE AND SUNSET
MAY 25 2018...........SUNRISE   558 AM EDT   SUNSET   836 PM EDT
MAY 26 2018...........SUNRISE   557 AM EDT   SUNSET   837 PM EDT


-  INDICATES NEGATIVE NUMBERS.
R  INDICATES RECORD WAS SET OR TIED.
MM INDICATES DATA IS MISSING.
T  INDICATES TRACE AMOUNT.




$$
