000
CDUS46 KMFR 190838
CLIMHS


CLIMATE REPORT
NATIONAL WEATHER SERVICE MEDFORD, OR
138 AM PDT THU APR 19 2018


...................................

...THE MT SHASTA CITY CA CLIMATE SUMMARY FOR APRIL 18 2018...

CLIMATE NORMAL PERIOD 1981 TO 2010
CLIMATE RECORD PERIOD 1908 TO 2018


WEATHER ITEM   OBSERVED TIME   RECORD YEAR NORMAL DEPARTURE LAST
                VALUE   (LST)  VALUE       VALUE  FROM      YEAR
                                                  NORMAL
..................................................................
TEMPERATURE (F)
 YESTERDAY
  MAXIMUM         50   1257 PM  82    2016  61    -11       59
  MINIMUM         32    543 AM  18    1955  34     -2       41
  AVERAGE         41                        48     -7       50

PRECIPITATION (IN)
  YESTERDAY        T             0.80 2001   0.09  -0.09     0.08
  MONTH TO DATE    2.15                      1.89   0.26     7.85
  SINCE OCT 1     18.10                     37.35 -19.25    57.31
  SINCE JAN 1     12.27                     22.14  -9.87    36.15

SNOWFALL (IN)
  YESTERDAY       MM                         0.1   MM       MM
  MONTH TO DATE   MM                         4.3   MM       MM
  SINCE JUL 1     MM                        90.4   MM       MM
  SNOW DEPTH      MM

DEGREE DAYS
 HEATING
  YESTERDAY       24                        18      6       15
  MONTH TO DATE  350                       344      6      365
  SINCE MAR 1   1126                      1048     78      994
  SINCE JUL 1   4724                      5023   -299     4891

 COOLING
  YESTERDAY        0                         0      0        0
  MONTH TO DATE    0                         0      0        0
  SINCE MAR 1      0                         0      0        0
  SINCE JAN 1      0                         0      0        0
..................................................................


WIND (MPH)
  HIGHEST WIND SPEED     9   HIGHEST WIND DIRECTION     E (90)
  HIGHEST GUST SPEED    19   HIGHEST GUST DIRECTION     E (90)
  AVERAGE WIND SPEED     1.7


SKY COVER
  POSSIBLE SUNSHINE  MM
  AVERAGE SKY COVER 0.7


WEATHER CONDITIONS
 THE FOLLOWING WEATHER WAS RECORDED YESTERDAY.
  LIGHT SNOW


RELATIVE HUMIDITY (PERCENT)
 HIGHEST    89           900 PM
 LOWEST     39           100 PM

..........................................................


THE MT SHASTA CITY CA CLIMATE NORMALS FOR TODAY
                         NORMAL    RECORD    YEAR
 MAXIMUM TEMPERATURE (F)   62        83      1950
 MINIMUM TEMPERATURE (F)   34        17      1927


SUNRISE AND SUNSET
APRIL 19 2018.........SUNRISE   623 AM PDT   SUNSET   754 PM PDT
APRIL 20 2018.........SUNRISE   622 AM PDT   SUNSET   755 PM PDT


-  INDICATES NEGATIVE NUMBERS.
R  INDICATES RECORD WAS SET OR TIED.
MM INDICATES DATA IS MISSING.
T  INDICATES TRACE AMOUNT.




$$
