986
CDUS42 KMFL 250822
CLIMIA


CLIMATE REPORT
NATIONAL WEATHER SERVICE MIAMI, FL
421 AM EDT WED APR 25 2018


...................................

...THE MIAMI CLIMATE SUMMARY FOR APRIL 24 2018...

CLIMATE NORMAL PERIOD 1981 TO 2010
CLIMATE RECORD PERIOD 1895 TO 2018


WEATHER ITEM   OBSERVED TIME   RECORD YEAR NORMAL DEPARTURE LAST
                VALUE   (LST)  VALUE       VALUE  FROM      YEAR
                                                  NORMAL
..................................................................
TEMPERATURE (F)
 YESTERDAY
  MAXIMUM         91    320 PM  94    1991  84      7       89
  MINIMUM         73    624 AM  56    1940  70      3       70
  AVERAGE         82                        77      5       80

PRECIPITATION (IN)
  YESTERDAY        0.00          7.25 1982   0.10  -0.10     0.00
  MONTH TO DATE    3.22                      2.55   0.67     2.16
  SINCE NOV 1      9.86                     14.73  -4.87    14.06
  SINCE JAN 1      4.79                      9.42  -4.63    10.79

SNOWFALL (IN)
  YESTERDAY        0.0
  MONTH TO DATE    0.0
  SINCE MAR 1      0.0
  SINCE JUL 1      0.0
  SNOW DEPTH       0

DEGREE DAYS
 HEATING
  YESTERDAY        0                         0      0        0
  MONTH TO DATE    0                         0      0        0
  SINCE MAR 1      7                        11     -4        3
  SINCE JUL 1     85                       127    -42       17

 COOLING
  YESTERDAY       17                        12      5       15
  MONTH TO DATE  299                       250     49      298
  SINCE MAR 1    491                       497     -6      569
  SINCE JAN 1    972                       819    153     1063
..................................................................


WIND (MPH)
  HIGHEST WIND SPEED    18   HIGHEST WIND DIRECTION     W (250)
  HIGHEST GUST SPEED    26   HIGHEST GUST DIRECTION     W (250)
  AVERAGE WIND SPEED     6.8


SKY COVER
  POSSIBLE SUNSHINE  MM
  AVERAGE SKY COVER 0.4


WEATHER CONDITIONS
 THE FOLLOWING WEATHER WAS RECORDED YESTERDAY.
  NO SIGNIFICANT WEATHER WAS OBSERVED.


RELATIVE HUMIDITY (PERCENT)
 HIGHEST   100
 LOWEST     44
 AVERAGE    72

..........................................................


THE MIAMI CLIMATE NORMALS FOR TODAY
                         NORMAL    RECORD    YEAR
 MAXIMUM TEMPERATURE (F)   84        93      1971
 MINIMUM TEMPERATURE (F)   70        54      1943


SUNRISE AND SUNSET
APRIL 25 2018.........SUNRISE   649 AM EDT   SUNSET   749 PM EDT
APRIL 26 2018.........SUNRISE   648 AM EDT   SUNSET   750 PM EDT


-  INDICATES NEGATIVE NUMBERS.
R  INDICATES RECORD WAS SET OR TIED.
MM INDICATES DATA IS MISSING.
T  INDICATES TRACE AMOUNT.




$$
