000
CDUS44 KSHV 250753
CLIMLU


CLIMATE REPORT
NATIONAL WEATHER SERVICE SHREVEPORT, LA
249 AM CDT WED APR 25 2018


...................................

...THE MONROE CLIMATE SUMMARY FOR APRIL 24 2018...

CLIMATE NORMAL PERIOD 1981 TO 2010
CLIMATE RECORD PERIOD 1893 TO 2018


WEATHER ITEM   OBSERVED TIME   RECORD YEAR NORMAL DEPARTURE LAST
                VALUE   (LST)  VALUE       VALUE  FROM      YEAR
                                                  NORMAL
..................................................................
TEMPERATURE (F)
 YESTERDAY
  MAXIMUM         79    437 PM  91    1965  80     -1       80
  MINIMUM         54    540 AM  43    2005  56     -2       47
  AVERAGE         67                        68     -1       64

PRECIPITATION (IN)
  YESTERDAY        0.00          3.03 1964   0.16  -0.16     0.00
  MONTH TO DATE    3.83                      3.60   0.23     3.06
  SINCE DEC 1     26.32                     23.25   3.07    21.58
  SINCE JAN 1     22.80                     17.96   4.84    16.75

SNOWFALL (IN)
  YESTERDAY        0.0
  MONTH TO DATE    0.0
  SINCE MAR 1      0.0
  SINCE JUL 1      1.5
  SNOW DEPTH       0

DEGREE DAYS
 HEATING
  YESTERDAY        0                         1     -1        1
  MONTH TO DATE  130                        75     55       24
  SINCE MAR 1    302                       325    -23      189
  SINCE JUL 1   2083                      2219   -136     1385

 COOLING
  YESTERDAY        2                         4     -2        0
  MONTH TO DATE   38                        72    -34      114
  SINCE MAR 1     89                       104    -15      205
  SINCE JAN 1    126                       115     11      264
..................................................................


WIND (MPH)
  HIGHEST WIND SPEED    14   HIGHEST WIND DIRECTION     N (340)
  HIGHEST GUST SPEED    18   HIGHEST GUST DIRECTION     N (360)
  AVERAGE WIND SPEED     5.1


SKY COVER
  POSSIBLE SUNSHINE  MM
  AVERAGE SKY COVER 0.3


WEATHER CONDITIONS
 THE FOLLOWING WEATHER WAS RECORDED YESTERDAY.
  FOG


RELATIVE HUMIDITY (PERCENT)
 HIGHEST   100           400 AM
 LOWEST     47           200 PM
 AVERAGE    74

..........................................................


THE MONROE CLIMATE NORMALS FOR TODAY
                         NORMAL    RECORD    YEAR
 MAXIMUM TEMPERATURE (F)   80        90      1989
 MINIMUM TEMPERATURE (F)   56        35      1910


SUNRISE AND SUNSET
APRIL 25 2018.........SUNRISE   627 AM CDT   SUNSET   745 PM CDT
APRIL 26 2018.........SUNRISE   626 AM CDT   SUNSET   746 PM CDT


-  INDICATES NEGATIVE NUMBERS.
R  INDICATES RECORD WAS SET OR TIED.
MM INDICATES DATA IS MISSING.
T  INDICATES TRACE AMOUNT.




$$
