738
CDUS46 KPQR 211148
CLIMMV


CLIMATE REPORT
NATIONAL WEATHER SERVICE PORTLAND OREGON
447 AM PDT SAT APR 21 2018


...................................

...THE MCMINNVILLE OR CLIMATE SUMMARY FOR APRIL 20 2018...

CLIMATE NORMAL PERIOD 1981 TO 2010
CLIMATE RECORD PERIOD 1894 TO 2018


WEATHER ITEM   OBSERVED TIME   RECORD YEAR NORMAL DEPARTURE LAST
                VALUE   (LST)  VALUE       VALUE  FROM      YEAR
                                                  NORMAL
..................................................................
TEMPERATURE (F)
 YESTERDAY
  MAXIMUM         64    309 PM  90    1906  62      2       59
  MINIMUM         33    537 AM  27    1952  40     -7       41
  AVERAGE         49                        51     -2       50

PRECIPITATION (IN)
  YESTERDAY        0.00          0.68 1980   0.10  -0.10     0.16
  MONTH TO DATE    4.63                      2.12   2.51     2.87
  SINCE OCT 1     31.22                     32.72  -1.50    48.98
  SINCE JAN 1     15.68                     16.69  -1.01    25.17

DEGREE DAYS
 HEATING
  YESTERDAY       16                        14      2       15
  MONTH TO DATE  329                       313     16      310
  SINCE JUL 1   3906                      4264   -358     4143

 COOLING
  YESTERDAY        0                         0      0        0
  MONTH TO DATE    0                         0      0        0
  SINCE JAN 1      0                         0      0        0
..................................................................


WIND (MPH)
  HIGHEST WIND SPEED    18   HIGHEST WIND DIRECTION     W (260)
  HIGHEST GUST SPEED    23   HIGHEST GUST DIRECTION     W (250)
  AVERAGE WIND SPEED     4.4


SKY COVER
  POSSIBLE SUNSHINE  MM
  AVERAGE SKY COVER 0.5


WEATHER CONDITIONS
 THE FOLLOWING WEATHER WAS RECORDED YESTERDAY.
  NO SIGNIFICANT WEATHER WAS OBSERVED.


RELATIVE HUMIDITY (PERCENT)
 HIGHEST   100           200 AM
 LOWEST     41           700 PM
 AVERAGE    71

..........................................................


THE MCMINNVILLE OR CLIMATE NORMALS FOR TODAY
                         NORMAL    RECORD    YEAR
 MAXIMUM TEMPERATURE (F)   62        81      1956
 MINIMUM TEMPERATURE (F)   40        27      1970


SUNRISE AND SUNSET
APRIL 21 2018.........SUNRISE   517 AM PST   SUNSET   706 PM PST
APRIL 22 2018.........SUNRISE   515 AM PST   SUNSET   707 PM PST


-  INDICATES NEGATIVE NUMBERS.
R  INDICATES RECORD WAS SET OR TIED.
MM INDICATES DATA IS MISSING.
T  INDICATES TRACE AMOUNT.




$$
