000
CDUS46 KSTO 260901
CLIMOD


CLIMATE REPORT
NATIONAL WEATHER SERVICE SACRAMENTO, CA
201 AM PDT SAT MAY 26 2018


...................................

...THE MODESTO CA CLIMATE SUMMARY FOR MAY 25 2018...

CLIMATE NORMAL PERIOD 1981 TO 2010
CLIMATE RECORD PERIOD 1931 TO 2018


WEATHER ITEM   OBSERVED TIME   RECORD YEAR NORMAL DEPARTURE LAST
                VALUE   (LST)  VALUE       VALUE  FROM      YEAR
                                                  NORMAL
..................................................................
TEMPERATURE (F)
 YESTERDAY
  MAXIMUM         70    216 PM  99    1979  85    -15       80
  MINIMUM         54    625 AM  42    1962  56     -2       55
  AVERAGE         62

PRECIPITATION (IN)
  YESTERDAY        0.17          1.06 1931   0.02   0.15     0.00
  MONTH TO DATE    0.17                      0.54  -0.37     0.01
  SINCE OCT 1      8.17                     12.62  -4.45    16.79
  SINCE JAN 1      7.14                      8.54  -1.40    11.76

SNOWFALL (IN)
  YESTERDAY        0.0          MM      MM
  MONTH TO DATE    0.0
  SINCE MAR 1      0.0
  SINCE JUL 1      0.0
  SNOW DEPTH       0

DEGREE DAYS
 HEATING
  YESTERDAY        3                         1      2        0
  MONTH TO DATE    6                        32    -26       22
  SINCE MAR 1    415                       398     17      292
  SINCE JUL 1   1993                      2166   -173     1808

 COOLING
  YESTERDAY        0                         6     -6        3
  MONTH TO DATE   77                       114    -37      174
  SINCE MAR 1    105                       158    -53      191
  SINCE JAN 1    105                       158    -53      191
..................................................................


WIND (MPH)
  RESULTANT WIND SPEED   3   RESULTANT WIND DIRECTION   N (10)
  HIGHEST WIND SPEED    15   HIGHEST WIND DIRECTION    NW (300)
  HIGHEST GUST SPEED    18   HIGHEST GUST DIRECTION    NW (300)


SKY COVER
  POSSIBLE SUNSHINE  MM
  AVERAGE SKY COVER 0.9


WEATHER CONDITIONS
 THE FOLLOWING WEATHER WAS RECORDED YESTERDAY.
  THUNDERSTORM
  RAIN
  LIGHT RAIN
  FOG


RELATIVE HUMIDITY (PERCENT)
 HIGHEST   100           600 AM
 LOWEST     53           200 PM
 AVERAGE    77

..........................................................


THE MODESTO CA CLIMATE NORMALS FOR TODAY
                         NORMAL    RECORD    YEAR
 MAXIMUM TEMPERATURE (F)   85       102      1951
 MINIMUM TEMPERATURE (F)   57        43      1962


SUNRISE AND SUNSET
MAY 26 2018...........SUNRISE   547 AM PDT   SUNSET   816 PM PDT
MAY 27 2018...........SUNRISE   546 AM PDT   SUNSET   816 PM PDT


-  INDICATES NEGATIVE NUMBERS.
R  INDICATES RECORD WAS SET OR TIED.
MM INDICATES DATA IS MISSING.
T  INDICATES TRACE AMOUNT.




$$
