000
CDUS43 KBIS 200723
CLIMOT


CLIMATE REPORT
NATIONAL WEATHER SERVICE BISMARCK ND
223 AM CDT FRI APR 20 2018


...................................

...THE MINOT ND CLIMATE SUMMARY FOR APRIL 19 2018...

CLIMATE NORMAL PERIOD 1981 TO 2010
CLIMATE RECORD PERIOD 1897 TO 2018


WEATHER ITEM   OBSERVED TIME   RECORD YEAR NORMAL DEPARTURE LAST
                VALUE   (LST)  VALUE       VALUE  FROM      YEAR
                                                  NORMAL
..................................................................
TEMPERATURE (F)
 YESTERDAY
  MAXIMUM         49    319 PM  86    1910  57     -8       52
  MINIMUM         33   1216 AM  -1    1922  33      0       30
  AVERAGE         41                        45     -4       41

PRECIPITATION (IN)
  YESTERDAY        0.00          0.90 1916   0.04  -0.04      T
  MONTH TO DATE    0.01                      0.61  -0.60     0.15
  SINCE MAR 1      0.64                      1.45  -0.81     0.46
  SINCE JAN 1      0.75                      2.36  -1.61     0.60

DEGREE DAYS
 HEATING
  YESTERDAY       24                        20      4       24
  MONTH TO DATE  752                       461    291      361
  SINCE MAR 1   1989                      1600    389     1512
  SINCE JUL 1   8507                      8176    331     7448

 COOLING
  YESTERDAY        0                         0      0        0
  MONTH TO DATE    0                         0      0        0
  SINCE MAR 1      0                         0      0        0
  SINCE JAN 1      0                         0      0        0
..................................................................


WIND (MPH)
  HIGHEST WIND SPEED    10   HIGHEST WIND DIRECTION     S (160)
  HIGHEST GUST SPEED    13   HIGHEST GUST DIRECTION    SW (230)
  AVERAGE WIND SPEED     4.8


SKY COVER
  POSSIBLE SUNSHINE  MM
  AVERAGE SKY COVER 0.6


WEATHER CONDITIONS
 THE FOLLOWING WEATHER WAS RECORDED YESTERDAY.
  FOG
  HAZE


RELATIVE HUMIDITY (PERCENT)
 HIGHEST    96          1200 AM
 LOWEST     61           200 PM
 AVERAGE    79

..........................................................


THE MINOT ND CLIMATE NORMALS FOR TODAY
                         NORMAL    RECORD    YEAR
 MAXIMUM TEMPERATURE (F)   58        90      1980
 MINIMUM TEMPERATURE (F)   34        13      2013


SUNRISE AND SUNSET
APRIL 20 2018.........SUNRISE   646 AM CDT   SUNSET   843 PM CDT
APRIL 21 2018.........SUNRISE   644 AM CDT   SUNSET   845 PM CDT


-  INDICATES NEGATIVE NUMBERS.
R  INDICATES RECORD WAS SET OR TIED.
MM INDICATES DATA IS MISSING.
T  INDICATES TRACE AMOUNT.




$$
