000
CDUS43 KMPX 270052
CLIMSP


CLIMATE REPORT
NATIONAL WEATHER SERVICE CHANHASSEN MN
751 PM CDT SAT MAY 26 2018


...................................

...THE TWIN CITIES MN CLIMATE SUMMARY FOR MAY 26 2018...
VALID TODAY AS OF 0500 PM LOCAL TIME.

CLIMATE NORMAL PERIOD 1981 TO 2010
CLIMATE RECORD PERIOD 1871 TO 2018


WEATHER ITEM   OBSERVED TIME   RECORD YEAR NORMAL DEPARTURE LAST
                VALUE   (LST)  VALUE       VALUE  FROM      YEAR
                                                  NORMAL
..................................................................
TEMPERATURE (F)
 TODAY
  MAXIMUM         94    436 PM  96    1978  72     22       80
  MINIMUM         67    439 AM  34    1992  52     15       61
  AVERAGE         81                        62     19       71

PRECIPITATION (IN)
  TODAY            0.00          1.60 1873   0.11  -0.11     0.00
  MONTH TO DATE    2.02                      2.82  -0.80     4.78
  SINCE MAR 1      5.42                      7.37  -1.95     9.91
  SINCE JAN 1      8.30                      9.04  -0.74    11.53

SNOWFALL (IN)
  TODAY            0.0           T    1951   0.0    0.0      0.0
  MONTH TO DATE    0.0                       0.0    0.0       T
  SINCE MAR 1     34.9                      12.7   22.2      5.2
  SINCE JUL 1     78.3                      54.4   23.9     32.0
  SNOW DEPTH       0

DEGREE DAYS
 HEATING
  TODAY            0                         5     -5        0
  MONTH TO DATE   63                       198   -135      198
  SINCE MAR 1   1887                      1726    161     1581
  SINCE JUL 1   7578                      7516     62     6282

 COOLING
  TODAY           16                         2     14        6
  MONTH TO DATE   90                        28     62       21
  SINCE MAR 1     94                        33     61       21
  SINCE JAN 1     94                        33     61       21
..................................................................


WIND (MPH)
  HIGHEST WIND SPEED    16   HIGHEST WIND DIRECTION    NW (330)
  HIGHEST GUST SPEED    24   HIGHEST GUST DIRECTION    NW (320)
  AVERAGE WIND SPEED     7.9


SKY COVER
  POSSIBLE SUNSHINE  MM
  AVERAGE SKY COVER 0.1


WEATHER CONDITIONS
 THE FOLLOWING WEATHER WAS RECORDED TODAY.
  NO SIGNIFICANT WEATHER WAS OBSERVED.


RELATIVE HUMIDITY (PERCENT)
 HIGHEST    87           400 AM
 LOWEST     26           300 PM
 AVERAGE    57

..........................................................


THE TWIN CITIES MN CLIMATE NORMALS FOR TOMORROW
                         NORMAL    RECORD    YEAR
 MAXIMUM TEMPERATURE (F)   73        95      1969
 MINIMUM TEMPERATURE (F)   52        34      1907


SUNRISE AND SUNSET
MAY 26 2018...........SUNRISE   534 AM CDT   SUNSET   847 PM CDT
MAY 27 2018...........SUNRISE   533 AM CDT   SUNSET   848 PM CDT


-  INDICATES NEGATIVE NUMBERS.
R  INDICATES RECORD WAS SET OR TIED.
MM INDICATES DATA IS MISSING.
T  INDICATES TRACE AMOUNT.




$$
