645
CDUS43 KILX 210635
CLIMTO


CLIMATE REPORT
NATIONAL WEATHER SERVICE LINCOLN IL
134 AM CDT SAT APR 21 2018


...................................

...THE MATTOON IL AIRPORT CLIMATE SUMMARY FOR APRIL 20 2018...

CLIMATE NORMAL PERIOD 1981 TO 2010
CLIMATE RECORD PERIOD 9999 TO 9999


WEATHER ITEM   OBSERVED TIME   RECORD YEAR NORMAL DEPARTURE LAST
                VALUE   (LST)  VALUE       VALUE  FROM      YEAR
                                                  NORMAL
..................................................................
TEMPERATURE (F)
 YESTERDAY
  MAXIMUM         62    332 PM  MM      MM  65     -3       81
  MINIMUM         28    528 AM  MM      MM  45    -17       50
  AVERAGE         45                        55    -10       66

PRECIPITATION (IN)
  YESTERDAY        0.00         MM      MM   0.11  -0.11      T
  MONTH TO DATE    5.30                      2.02   3.28     1.50
  SINCE MAR 1      8.50                      4.59   3.91     2.91
  SINCE JAN 1     11.92                      8.57   3.35     4.74

DEGREE DAYS
 HEATING
  YESTERDAY       20                        10     10        0
  MONTH TO DATE  443                       275    168      154
  SINCE MAR 1   1237                       974    263      802
  SINCE JUL 1   5330                      5178    152     4183

 COOLING
  YESTERDAY        0                         1     -1        1
  MONTH TO DATE    0                         1     -1       17
  SINCE MAR 1      0                         2     -2       17
  SINCE JAN 1      0                         2     -2       17
..................................................................


WIND (MPH)
  HIGHEST WIND SPEED    17   HIGHEST WIND DIRECTION    NE (60)
  HIGHEST GUST SPEED    22   HIGHEST GUST DIRECTION    NE (50)
  AVERAGE WIND SPEED     7.0


SKY COVER
  POSSIBLE SUNSHINE  MM
  AVERAGE SKY COVER 0.0


WEATHER CONDITIONS
 THE FOLLOWING WEATHER WAS RECORDED YESTERDAY.
  NO SIGNIFICANT WEATHER WAS OBSERVED.


RELATIVE HUMIDITY (PERCENT)
 HIGHEST    69           400 AM
 LOWEST     20           500 PM
 AVERAGE    45

..........................................................


THE MATTOON IL AIRPORT CLIMATE NORMALS FOR TODAY
                         NORMAL    RECORD    YEAR
 MAXIMUM TEMPERATURE (F)   66        MM        MM
 MINIMUM TEMPERATURE (F)   45        MM        MM


SUNRISE AND SUNSET
APRIL 21 2018.........SUNRISE   607 AM CDT   SUNSET   737 PM CDT
APRIL 22 2018.........SUNRISE   606 AM CDT   SUNSET   738 PM CDT


-  INDICATES NEGATIVE NUMBERS.
R  INDICATES RECORD WAS SET OR TIED.
MM INDICATES DATA IS MISSING.
T  INDICATES TRACE AMOUNT.




$$
