000
CDUS45 KBOI 230932
CLIMYL


CLIMATE REPORT
NATIONAL WEATHER SERVICE BOISE ID
332 AM MDT WED MAY 23 2018


...................................

...THE MCCALL ID CLIMATE SUMMARY FOR MAY 22 2018...

CLIMATE NORMAL PERIOD 1981 TO 2010
CLIMATE RECORD PERIOD 1930 TO 2018


WEATHER ITEM   OBSERVED TIME   RECORD YEAR NORMAL DEPARTURE LAST
                VALUE   (LST)  VALUE       VALUE  FROM      YEAR
                                                  NORMAL
..................................................................
TEMPERATURE (F)
 YESTERDAY
  MAXIMUM         72    105 PM  84    1958  61     11       75
  MINIMUM         45   1159 PM  22    1989  34     11       38
  AVERAGE         59                        48     11       57

PRECIPITATION (IN)
  YESTERDAY        0.42          1.90 1948   0.07   0.35     0.00
  MONTH TO DATE    1.29                      1.54  -0.25     1.65
  SINCE OCT 1     20.01                     15.31   4.70    27.92
  SINCE JAN 1     13.16                      9.13   4.03    19.43

DEGREE DAYS
 HEATING
  YESTERDAY        6                        18    -12        8
  MONTH TO DATE  275                       445   -170      408
  SINCE MAR 1   2116                      2405   -289     2176
  SINCE JUL 1   7959                      9080  -1121     8379

 COOLING
  YESTERDAY        0                         0      0        0
  MONTH TO DATE    0                         0      0        0
  SINCE MAR 1      0                         0      0        0
  SINCE JAN 1      0                         0      0        0
..................................................................


WIND (MPH)
  HIGHEST WIND SPEED    23   HIGHEST WIND DIRECTION     E (110)
  HIGHEST GUST SPEED    30   HIGHEST GUST DIRECTION     E (110)
  AVERAGE WIND SPEED     4.6


SKY COVER
  AVERAGE SKY COVER 0.3


WEATHER CONDITIONS
 THE FOLLOWING WEATHER WAS RECORDED YESTERDAY.
  THUNDERSTORM
  HEAVY RAIN
  RAIN
  LIGHT RAIN
  FOG


RELATIVE HUMIDITY (PERCENT)
 HIGHEST    93           500 PM
 LOWEST     44           100 PM
 AVERAGE    69

..........................................................


THE MCCALL ID CLIMATE NORMALS FOR TODAY
                         NORMAL    RECORD    YEAR
 MAXIMUM TEMPERATURE (F)   61        82      2001
 MINIMUM TEMPERATURE (F)   35        20      1944


SUNRISE AND SUNSET
MAY 23 2018...........SUNRISE   608 AM MDT   SUNSET   915 PM MDT
MAY 24 2018...........SUNRISE   607 AM MDT   SUNSET   916 PM MDT


-  INDICATES NEGATIVE NUMBERS.
R  INDICATES RECORD WAS SET OR TIED.
MM INDICATES DATA IS MISSING.
T  INDICATES TRACE AMOUNT.




$$
