000
CDUS45 KPSR 270022
CLINYL

CLIMATE REPORT
NATIONAL WEATHER SERVICE PHOENIX AZ
521 PM MST THU APR 26 2018


...................................

...THE YUMA AZ CLIMATE SUMMARY FOR APRIL 26 2018...
VALID TODAY AS OF 0500 PM LOCAL TIME.

CLIMATE NORMAL PERIOD 1981 TO 2010
CLIMATE RECORD PERIOD 1876 TO 2018


WEATHER ITEM   OBSERVED TIME   RECORD YEAR NORMAL DEPARTURE LAST
                VALUE   (LST)  VALUE       VALUE  FROM      YEAR
                                                  NORMAL
..................................................................
TEMPERATURE (F)
 TODAY
  MAXIMUM         95    459 PM 104    2004  89      6       93
  MINIMUM         70    711 AM  46    1921  62      8       61
  AVERAGE         83                        76      7       77

PRECIPITATION (IN)
  TODAY            0.00          0.71 1931   0.00   0.00     0.00
  MONTH TO DATE    0.00                      0.14  -0.14     0.00
  SINCE OCT 1      0.25                      2.17  -1.92     2.51
  SINCE JAN 1      0.18                      1.23  -1.05     1.56

DEGREE DAYS
 HEATING
  TODAY            0                         0      0        0
  MONTH TO DATE    0                        12    -12        0
  SINCE MAR 1     47                        62    -15       13
  SINCE JUL 1    406                       685   -279      526

 COOLING
  TODAY           18                        11      7       12
  MONTH TO DATE  278                       206     72      286
  SINCE MAR 1    391                       323     68      516
  SINCE JAN 1    443                       359     84      557
..................................................................


WIND (MPH)
  HIGHEST WIND SPEED    12   HIGHEST WIND DIRECTION     W (270)
  HIGHEST GUST SPEED    16   HIGHEST GUST DIRECTION    NW (310)
  AVERAGE WIND SPEED     6.0


SKY COVER
  AVERAGE SKY COVER 0.4


WEATHER CONDITIONS
 THE FOLLOWING WEATHER WAS RECORDED TODAY.
  NO SIGNIFICANT WEATHER WAS OBSERVED.


RELATIVE HUMIDITY (PERCENT)
 HIGHEST    35
 LOWEST     14
 AVERAGE    25

..........................................................


THE YUMA AZ CLIMATE NORMALS FOR TOMORROW
                         NORMAL    RECORD    YEAR
 MAXIMUM TEMPERATURE (F)   90       104      1992
 MINIMUM TEMPERATURE (F)   63        46      1955


SUNRISE AND SUNSET
APRIL 26 2018.........SUNRISE   556 AM MST   SUNSET   716 PM MST
APRIL 27 2018.........SUNRISE   555 AM MST   SUNSET   717 PM MST


-  INDICATES NEGATIVE NUMBERS.
R  INDICATES RECORD WAS SET OR TIED.
MM INDICATES DATA IS MISSING.
T  INDICATES TRACE AMOUNT.

$$
