969
CDUS43 KOAX 220630
CLIOFK


CLIMATE REPORT
NATIONAL WEATHER SERVICE OMAHA NEBRASKA
130 AM CDT SUN APR 22 2018


...................................

...THE NORFOLK, NEBRASKA CLIMATE SUMMARY FOR APRIL 21 2018...

CLIMATE NORMAL PERIOD 1981 TO 2010
CLIMATE RECORD PERIOD 1888 TO 2018


WEATHER ITEM   OBSERVED TIME   RECORD YEAR NORMAL DEPARTURE LAST
                VALUE   (LST)  VALUE       VALUE  FROM      YEAR
                                                  NORMAL
..................................................................
TEMPERATURE (F)
 YESTERDAY
  MAXIMUM         52    230 PM  95    1980  64    -12       57
  MINIMUM         41   1154 PM  21    1927  40      1       34
  AVERAGE         47                        52     -5       46

PRECIPITATION (IN)
  YESTERDAY        T             1.40 1984   0.09  -0.09     0.00
  MONTH TO DATE    1.00                      1.75  -0.75     1.54
  SINCE MAR 1      2.63                      3.52  -0.89     2.75
  SINCE JAN 1      4.35                      4.87  -0.52     4.99

SNOWFALL (IN)
  YESTERDAY        0.0                       0.1   -0.1      0.0
  MONTH TO DATE   10.9                       2.2    8.7       T
  SINCE JUL 1     45.2                      30.1   15.1     30.2
  SNOW DEPTH       0

DEGREE DAYS
 HEATING
  YESTERDAY       18                        14      4       19
  MONTH TO DATE  614                       365    249      279
  SINCE MAR 1   1469                      1221    248     1045
  SINCE JUL 1   6669                      6314    355     5500

 COOLING
  YESTERDAY        0                         1     -1        0
  MONTH TO DATE    0                         3     -3        0
  SINCE MAR 1      0                         3     -3        0
  SINCE JAN 1      0                         3     -3        0
..................................................................


WIND (MPH)
  HIGHEST WIND SPEED    13   HIGHEST WIND DIRECTION    NE (60)
  HIGHEST GUST SPEED    16   HIGHEST GUST DIRECTION    NE (60)
  AVERAGE WIND SPEED     5.0


SKY COVER
  POSSIBLE SUNSHINE  MM
  AVERAGE SKY COVER 1.0


WEATHER CONDITIONS
 THE FOLLOWING WEATHER WAS RECORDED YESTERDAY.
  LIGHT RAIN


RELATIVE HUMIDITY (PERCENT)
 HIGHEST    76           500 AM
 LOWEST     44           200 PM
 AVERAGE    60

..........................................................


THE NORFOLK, NEBRASKA CLIMATE NORMALS FOR TODAY
                         NORMAL    RECORD    YEAR
 MAXIMUM TEMPERATURE (F)   65        95      1989
                                             1980
 MINIMUM TEMPERATURE (F)   40        22      1927


SUNRISE AND SUNSET
APRIL 22 2018.........SUNRISE   638 AM CDT   SUNSET   819 PM CDT
APRIL 23 2018.........SUNRISE   637 AM CDT   SUNSET   820 PM CDT


-  INDICATES NEGATIVE NUMBERS.
R  INDICATES RECORD WAS SET OR TIED.
MM INDICATES DATA IS MISSING.
T  INDICATES TRACE AMOUNT.




$$
