000
CDUS44 KOUN 220637
CLIOKC

CLIMATE REPORT
NATIONAL WEATHER SERVICE NORMAN OK
136 AM CDT SUN APR 22 2018

...................................

...THE OKLAHOMA CITY CLIMATE SUMMARY FOR APRIL 21 2018...

CLIMATE NORMAL PERIOD 1981 TO 2010
CLIMATE RECORD PERIOD 1890 TO 2018


WEATHER ITEM   OBSERVED TIME   RECORD YEAR NORMAL DEPARTURE LAST
                VALUE   (LST)  VALUE       VALUE  FROM      YEAR
                                                  NORMAL
..................................................................
TEMPERATURE (F)
 YESTERDAY
  MAXIMUM         56    326 AM  90    1965  74    -18       62
                                      1963
  MINIMUM         46   1159 PM  34    1966  51     -5       48
                                      1927
                                      1893
  AVERAGE         51                        63    -12       55

PRECIPITATION (IN)
  YESTERDAY        1.45R         1.43 2017   0.11   1.34     1.43
  MONTH TO DATE    1.51                      1.95  -0.44     3.49
  SINCE MAR 1      2.12                      5.01  -2.89     6.09
  SINCE JAN 1      4.95                      7.98  -3.03    10.78

SNOWFALL (IN)
  YESTERDAY        0.0           0.0    MM   0.0    0.0      0.0
  MONTH TO DATE    T                         0.0    0.0      0.0
  SINCE MAR 1      T                         0.9   -0.9      0.0
  SINCE JUL 1      0.4                       7.6   -7.2      2.1
  SNOW DEPTH       0

DEGREE DAYS
 HEATING
  YESTERDAY       14                         4     10       10
  MONTH TO DATE  283                       142    141       68
  SINCE MAR 1    638                       551     87      352
  SINCE JUL 1   3507                      3301    206     2572

 COOLING
  YESTERDAY        0                         2     -2        0
  MONTH TO DATE   20                        30    -10       36
  SINCE MAR 1     26                        42    -16       84
  SINCE JAN 1     30                        43    -13       93
..................................................................


WIND (MPH)
  HIGHEST WIND SPEED    26   HIGHEST WIND DIRECTION     E (100)
  HIGHEST GUST SPEED    35   HIGHEST GUST DIRECTION     E (100)
  AVERAGE WIND SPEED    11.9


SKY COVER
  AVERAGE SKY COVER 1.0


WEATHER CONDITIONS
 THE FOLLOWING WEATHER WAS RECORDED YESTERDAY.
  THUNDERSTORM
  HEAVY RAIN
  RAIN
  LIGHT RAIN
  FOG


RELATIVE HUMIDITY (PERCENT)
 HIGHEST   100           800 AM
 LOWEST     51          1200 AM
 AVERAGE    76

..........................................................


THE OKLAHOMA CITY CLIMATE NORMALS FOR TODAY
                         NORMAL    RECORD    YEAR
 MAXIMUM TEMPERATURE (F)   74        95      1955
 MINIMUM TEMPERATURE (F)   52        34      1959


SUNRISE AND SUNSET
APRIL 22 2018.........SUNRISE   649 AM CDT   SUNSET   809 PM CDT
APRIL 23 2018.........SUNRISE   648 AM CDT   SUNSET   810 PM CDT


-  INDICATES NEGATIVE NUMBERS.
R  INDICATES RECORD WAS SET OR TIED.
MM INDICATES DATA IS MISSING.
T  INDICATES TRACE AMOUNT.




$$
