000
CDUS46 KSEW 200836
CLIOLM


CLIMATE REPORT
NATIONAL WEATHER SERVICE SEATTLE WA
135 AM PDT FRI APR 20 2018


...................................

...THE OLYMPIA WA AIRPORT CLIMATE SUMMARY FOR APRIL 19 2018...

CLIMATE NORMAL PERIOD 1981 TO 2010
CLIMATE RECORD PERIOD 1948 TO 2018


WEATHER ITEM   OBSERVED TIME   RECORD YEAR NORMAL DEPARTURE LAST
                VALUE   (LST)  VALUE       VALUE  FROM      YEAR
                                                  NORMAL
..................................................................
TEMPERATURE (F)
 YESTERDAY
  MAXIMUM         63    553 PM  86    2016  59      4       56
  MINIMUM         32    545 AM  26    1966  38     -6       39
                                      1964
  AVERAGE         48                        49     -1       48

PRECIPITATION (IN)
  YESTERDAY        0.00          2.31 1965   0.11  -0.11     0.40
  MONTH TO DATE    6.92                      2.43   4.49     3.82
  SINCE OCT 1     48.77                     41.52   7.25    56.26
  SINCE JAN 1     23.01                     20.83   2.18    28.16

DEGREE DAYS
 HEATING
  YESTERDAY       17                        16      1       17
  MONTH TO DATE  338                       333      5      327
  SINCE MAR 1   1026                       969     57      962
  SINCE JUL 1   4596                      4691    -95     4690

 COOLING
  YESTERDAY        0                         0      0        0
  MONTH TO DATE    0                         0      0        0
  SINCE MAR 1      0                         0      0        0
  SINCE JAN 1      0                         0      0        0
..................................................................


WIND (MPH)
  RESULTANT WIND SPEED   1   RESULTANT WIND DIRECTION  NW (330)
  HIGHEST WIND SPEED    10   HIGHEST WIND DIRECTION     W (290)
  HIGHEST GUST SPEED    13   HIGHEST GUST DIRECTION     W (280)
  AVERAGE WIND SPEED     2.0


SKY COVER
  AVERAGE SKY COVER 0.1


WEATHER CONDITIONS
 THE FOLLOWING WEATHER WAS RECORDED YESTERDAY.
  FOG


RELATIVE HUMIDITY (PERCENT)
 HIGHEST   100           200 AM
 LOWEST     36           500 PM
 AVERAGE    68

..........................................................


THE OLYMPIA WA AIRPORT CLIMATE NORMALS FOR TODAY
                         NORMAL    RECORD    YEAR
 MAXIMUM TEMPERATURE (F)   60        83      2016
 MINIMUM TEMPERATURE (F)   38        26      1951


SUNRISE AND SUNSET
APRIL 20 2018.........SUNRISE   615 AM PDT   SUNSET   807 PM PDT
APRIL 21 2018.........SUNRISE   613 AM PDT   SUNSET   809 PM PDT


-  INDICATES NEGATIVE NUMBERS.
R  INDICATES RECORD WAS SET OR TIED.
MM INDICATES DATA IS MISSING.
T  INDICATES TRACE AMOUNT.




$$
