325
CDAK49 PAFG 210942
CLIOME

CLIMATE REPORT
NATIONAL WEATHER SERVICE FAIRBANKS AK
142 AM AKDT SAT APR 21 2018


...................................

...THE NOME AK CLIMATE SUMMARY FOR APRIL 20 2018...

CLIMATE NORMAL PERIOD 1981 TO 2010
CLIMATE RECORD PERIOD 1906 TO 2018


WEATHER ITEM   OBSERVED TIME   RECORD YEAR NORMAL DEPARTURE LAST
                VALUE   (LST)  VALUE       VALUE  FROM      YEAR
                                                  NORMAL
..................................................................
TEMPERATURE (F)
 YESTERDAY
  MAXIMUM         33   1205 AM  49    2016  30      3       36
  MINIMUM         18   1157 PM -15    1966  16      2       25
  AVERAGE         26                        23      3       31

PRECIPITATION (IN)
  YESTERDAY        0.00          0.20 1937   0.02  -0.02     0.00
                                      1930
  MONTH TO DATE    0.16                      0.48  -0.32     0.11
  SINCE MAR 1      2.64                      1.13   1.51     0.12
  SINCE JAN 1      4.56                      3.00   1.56     1.87

SNOWFALL (IN)
  YESTERDAY        0.0           2.3  1937   0.3   -0.3      0.0
  MONTH TO DATE    0.4                       5.5   -5.1      1.1
  SINCE MAR 1     34.4                      14.4   20.0      2.0
  SINCE JUL 1    107.7                      71.1   36.6     54.2
  SNOW DEPTH      24

DEGREE DAYS
 HEATING
  YESTERDAY       39                        42     -3       34
  MONTH TO DATE  795                       948   -153      759
  SINCE MAR 1   2278                      2644   -366     2747
  SINCE JUL 1  10459                     11923  -1464    11542

 COOLING
  YESTERDAY        0                         0      0        0
  MONTH TO DATE    0                         0      0        0
  SINCE MAR 1      0                         0      0        0
  SINCE JAN 1      0                         0      0        0
..................................................................


WIND (MPH)
  HIGHEST GUST SPEED    43   HIGHEST GUST DIRECTION    NE (30)


SKY COVER
  AVERAGE SKY COVER 0.0


WEATHER CONDITIONS
 THE FOLLOWING WEATHER WAS RECORDED YESTERDAY.
  NO SIGNIFICANT WEATHER WAS OBSERVED.


RELATIVE HUMIDITY (PERCENT)
 HIGHEST    68
 LOWEST     38
 AVERAGE    53

..........................................................


THE NOME AK CLIMATE NORMALS FOR TODAY
                         NORMAL    RECORD    YEAR
 MAXIMUM TEMPERATURE (F)   30        50      2016
 MINIMUM TEMPERATURE (F)   17       -20      1924


SUNRISE AND SUNSET
APRIL 21 2018.........SUNRISE   706 AM AKDT  SUNSET  1058 PM AKDT
APRIL 22 2018.........SUNRISE   703 AM AKDT  SUNSET  1101 PM AKDT

-  INDICATES NEGATIVE NUMBERS.
R  INDICATES RECORD WAS SET OR TIED.
MM INDICATES DATA IS MISSING.
T  INDICATES TRACE AMOUNT.

&&

SNOW DEPTH IS MEASURED AT 3AM AKST/4AM AKDT.

----------------------------
AVAILABLE DAYLIGHT

AMOUNT OF DAYLIGHT TODAY  (HOUR:MIN)........15:52
GAIN/LOSS SINCE YESTERDAY (HOUR:MIN:SEC)....+0:06:47

NOME TIDAL INFORMATION FOR 21 APRIL 2018
0323  -0.2
1038  +1.3
1539  +0.6
2048  +1.1

$$
SDB APR 18
