000
CDUS45 KBOI 220931
CLIONO


CLIMATE REPORT
NATIONAL WEATHER SERVICE BOISE ID
331 AM MDT SUN APR 22 2018


...................................

...THE ONTARIO OR CLIMATE SUMMARY FOR APRIL 21 2018...

CLIMATE NORMAL PERIOD 1981 TO 2010
CLIMATE RECORD PERIOD 1948 TO 2018


WEATHER ITEM   OBSERVED TIME   RECORD YEAR NORMAL DEPARTURE LAST
                VALUE   (LST)  VALUE       VALUE  FROM      YEAR
                                                  NORMAL
..................................................................
TEMPERATURE (F)
 YESTERDAY
  MAXIMUM         73    417 PM  88    1956  66      7       64
  MINIMUM         39    638 AM  22    2008  37      2       37
                                      1982
  AVERAGE         56                        52      4       51

PRECIPITATION (IN)
  YESTERDAY        0.00          0.77 1957   0.03  -0.03     0.00
  MONTH TO DATE    0.55                      0.55   0.00     0.76
  SINCE OCT 1      5.55                      6.95  -1.40    10.52
  SINCE JAN 1      2.84                      3.54  -0.70     7.20

DEGREE DAYS
 HEATING
  YESTERDAY        9                        14     -5       14
  MONTH TO DATE  293                       332    -39      317
  SINCE MAR 1    906                      1002    -96      869
  SINCE JUL 1   5083                      5632   -549     5743

 COOLING
  YESTERDAY        0                         0      0        0
  MONTH TO DATE    0                         0      0        0
  SINCE MAR 1      0                         0      0        0
  SINCE JAN 1      0                         0      0        0
..................................................................


WIND (MPH)
  HIGHEST WIND SPEED    23   HIGHEST WIND DIRECTION    NW (320)
  HIGHEST GUST SPEED    29   HIGHEST GUST DIRECTION    NW (320)
  AVERAGE WIND SPEED     9.6


SKY COVER
  AVERAGE SKY COVER 0.0


WEATHER CONDITIONS
 THE FOLLOWING WEATHER WAS RECORDED YESTERDAY.
  NO SIGNIFICANT WEATHER WAS OBSERVED.


RELATIVE HUMIDITY (PERCENT)
 HIGHEST    73           600 AM
 LOWEST     26          1100 AM
 AVERAGE    50

..........................................................


THE ONTARIO OR CLIMATE NORMALS FOR TODAY
                         NORMAL    RECORD    YEAR
 MAXIMUM TEMPERATURE (F)   67        88      1977
 MINIMUM TEMPERATURE (F)   37        24      1951


SUNRISE AND SUNSET
APRIL 22 2018.........SUNRISE   653 AM MDT   SUNSET   841 PM MDT
APRIL 23 2018.........SUNRISE   652 AM MDT   SUNSET   842 PM MDT


-  INDICATES NEGATIVE NUMBERS.
R  INDICATES RECORD WAS SET OR TIED.
MM INDICATES DATA IS MISSING.
T  INDICATES TRACE AMOUNT.




$$
